000
CDUS46 KMFR 030836
CLILMT


CLIMATE REPORT
NATIONAL WEATHER SERVICE MEDFORD, OR
136 AM PDT SUN MAY 3 2015


...................................

...THE KLAMATH FALLS OR CLIMATE SUMMARY FOR MAY 2 2015...

CLIMATE NORMAL PERIOD 1981 TO 2010
CLIMATE RECORD PERIOD 1928 TO 2015


WEATHER ITEM   OBSERVED TIME   RECORD YEAR NORMAL DEPARTURE LAST
                VALUE   (LST)  VALUE       VALUE  FROM      YEAR
                                                  NORMAL
..................................................................
TEMPERATURE (F)
 YESTERDAY
  MAXIMUM         77    142 PM  81    1966  61     16       78
  MINIMUM         35    509 AM  23    2001  34      1       36
                                      1965
  AVERAGE         56                        48      8       57

PRECIPITATION (IN)
  YESTERDAY        0.00          0.33 1931   0.07  -0.07     0.00
                                      1931
                                      2009
  MONTH TO DATE    0.00                      0.14  -0.14     0.00
  SINCE OCT 1     10.06                     11.24  -1.18     5.42
  SINCE JAN 1      3.60                      6.55  -2.95     4.79

SNOWFALL (IN)
  YESTERDAY       MM                        MM     MM       MM
  MONTH TO DATE   MM                        MM     MM       MM
  SINCE JUL 1     MM                        MM     MM        0.0
  SNOW DEPTH      MM

DEGREE DAYS
 HEATING
  YESTERDAY        9                        17     -8        8
  MONTH TO DATE   20                        35    -15       15
  SINCE MAR 1   1310                      1513   -203     1319
  SINCE JUL 1   4884                      6354  -1470     6102

 COOLING
  YESTERDAY        0                         0      0        0
  MONTH TO DATE    0                         0      0        0
  SINCE MAR 1      0                         0      0        0
  SINCE JAN 1      0                         0      0        0
..................................................................


WIND (MPH)
  HIGHEST WIND SPEED    22   HIGHEST WIND DIRECTION    NW (300)
  HIGHEST GUST SPEED    26   HIGHEST GUST DIRECTION     W (270)
  AVERAGE WIND SPEED     5.7


SKY COVER
  POSSIBLE SUNSHINE  MM
  AVERAGE SKY COVER 0.0


WEATHER CONDITIONS
 THE FOLLOWING WEATHER WAS RECORDED YESTERDAY.
  NO SIGNIFICANT WEATHER WAS OBSERVED.


RELATIVE HUMIDITY (PERCENT)
 HIGHEST    85           600 AM
 LOWEST     12           200 PM

..........................................................


THE KLAMATH FALLS OR CLIMATE NORMALS FOR TODAY
                         NORMAL    RECORD    YEAR
 MAXIMUM TEMPERATURE (F)   62        82      1992
 MINIMUM TEMPERATURE (F)   34        23      1996


SUNRISE AND SUNSET
MAY  3 2015...........SUNRISE   600 AM PDT   SUNSET   808 PM PDT
MAY  4 2015...........SUNRISE   559 AM PDT   SUNSET   809 PM PDT


-  INDICATES NEGATIVE NUMBERS.
R  INDICATES RECORD WAS SET OR TIED.
MM INDICATES DATA IS MISSING.
T  INDICATES TRACE AMOUNT.




$$
