000
CDUS46 KOTX 280832
CLILWS


CLIMATE REPORT
NATIONAL WEATHER SERVICE SPOKANE, WA
131 AM PDT TUE APR 28 2015


...................................

...THE LEWISTON ID AIRPORT CLIMATE SUMMARY FOR APRIL 27 2015...

CLIMATE NORMAL PERIOD 1981 TO 2010
CLIMATE RECORD PERIOD 1881 TO 2015


WEATHER ITEM   OBSERVED TIME   RECORD YEAR NORMAL DEPARTURE LAST
                VALUE   (LST)  VALUE       VALUE  FROM      YEAR
                                                  NORMAL
..................................................................
TEMPERATURE (F)
 YESTERDAY
  MAXIMUM         72    512 PM  93    1987  65      7       60
  MINIMUM         37    511 AM  27    1955  42     -5       37
  AVERAGE         55                        54      1       49

PRECIPITATION (IN)
  YESTERDAY        0.00          0.77 1990   0.05  -0.05     0.01
  MONTH TO DATE    0.29                      1.18  -0.89     1.00
  SINCE OCT 1      7.95                      7.30   0.65     6.30
  SINCE JAN 1      3.76                      4.19  -0.43     4.77

SNOWFALL (IN)
  YESTERDAY        0.0           T    1986   0.0    0.0      0.0
  MONTH TO DATE    0.0                       0.0    0.0      0.0
  SINCE MAR 1      0.0                       0.7   -0.7      0.6
  SINCE JUL 1      1.5                      10.5   -9.0     16.5
  SNOW DEPTH       0

DEGREE DAYS
 HEATING
  YESTERDAY       10                        11     -1       16
  MONTH TO DATE  386                       380      6      369
  SINCE MAR 1    875                       992   -117      966
  SINCE JUL 1   4097                      4847   -750     5127

 COOLING
  YESTERDAY        0                         0      0        0
  MONTH TO DATE    0                         0      0        0
  SINCE MAR 1      0                         0      0        0
  SINCE JAN 1      0                         0      0        0
..................................................................


WIND (MPH)
  HIGHEST WIND SPEED    12   HIGHEST WIND DIRECTION    NE (60)
  HIGHEST GUST SPEED    14   HIGHEST GUST DIRECTION     E (80)
  AVERAGE WIND SPEED     5.0


SKY COVER
  POSSIBLE SUNSHINE  MM
  AVERAGE SKY COVER 0.0


WEATHER CONDITIONS
 THE FOLLOWING WEATHER WAS RECORDED YESTERDAY.
  NO SIGNIFICANT WEATHER WAS OBSERVED.


RELATIVE HUMIDITY (PERCENT)
 HIGHEST    70           200 AM
 LOWEST     18           100 PM
 AVERAGE    44

..........................................................


THE LEWISTON ID AIRPORT CLIMATE NORMALS FOR TODAY
                         NORMAL    RECORD    YEAR
 MAXIMUM TEMPERATURE (F)   66        98      1939
 MINIMUM TEMPERATURE (F)   42        27      1907


SUNRISE AND SUNSET
APRIL 28 2015.........SUNRISE   539 AM PDT   SUNSET   753 PM PDT
APRIL 29 2015.........SUNRISE   537 AM PDT   SUNSET   754 PM PDT


-  INDICATES NEGATIVE NUMBERS.
R  INDICATES RECORD WAS SET OR TIED.
MM INDICATES DATA IS MISSING.
T  INDICATES TRACE AMOUNT.




$$
