000
CDUS45 KTFX 192238
CLILWT


CLIMATE REPORT
NATIONAL WEATHER SERVICE GREAT FALLS MT
435 PM MDT SUN APR 19 2015


...................................

...THE LEWISTOWN MT CLIMATE SUMMARY FOR APRIL 19 2015...
VALID TODAY AS OF 0400 PM LOCAL TIME.

CLIMATE NORMAL PERIOD 1981 TO 2010
CLIMATE RECORD PERIOD 1896 TO 2015


WEATHER ITEM   OBSERVED TIME   RECORD YEAR NORMAL DEPARTURE LAST
                VALUE   (LST)  VALUE       VALUE  FROM      YEAR
                                                  NORMAL
..................................................................
TEMPERATURE (F)
 TODAY
  MAXIMUM         51    259 PM  86    1910  55     -4       62
  MINIMUM         24    500 AM   3    1951  30     -6       28
  AVERAGE         38                        42     -4       45

PRECIPITATION (IN)
  TODAY            0.00          0.66 1899   0.05  -0.05     0.00
  MONTH TO DATE    0.78                      0.81  -0.03     0.35
  SINCE OCT 1      5.39                      5.31   0.08     5.18
  SINCE JAN 1      3.08                      2.81   0.27     3.10

SNOWFALL (IN)
  TODAY           MM
  SNOW DEPTH       0

DEGREE DAYS
 HEATING
  TODAY           27                        23      4       20
  MONTH TO DATE  458                       477    -19      489
  SINCE MAR 1   1151                      1472   -321     1606
  SINCE JUL 1   6349                      7276   -927     7662

 COOLING
  TODAY            0                         0      0        0
  MONTH TO DATE    0                         0      0        0
  SINCE MAR 1      0                         0      0        0
  SINCE JAN 1      0                         0      0        0
..................................................................


WIND (MPH)
  HIGHEST WIND SPEED    17   HIGHEST WIND DIRECTION     N (350)
  HIGHEST GUST SPEED    24   HIGHEST GUST DIRECTION     N (350)
  AVERAGE WIND SPEED     8.6


SKY COVER
  AVERAGE SKY COVER 0.1


WEATHER CONDITIONS
 THE FOLLOWING WEATHER WAS RECORDED TODAY.
  NO SIGNIFICANT WEATHER WAS OBSERVED.


RELATIVE HUMIDITY (PERCENT)
 HIGHEST    85
 LOWEST     28
 AVERAGE    57

..........................................................


THE LEWISTOWN MT CLIMATE NORMALS FOR TOMORROW
                         NORMAL    RECORD    YEAR
 MAXIMUM TEMPERATURE (F)   55        84      1908
 MINIMUM TEMPERATURE (F)   30         0      1927


SUNRISE AND SUNSET
APRIL 19 2015.........SUNRISE   623 AM MDT   SUNSET   812 PM MDT
APRIL 20 2015.........SUNRISE   621 AM MDT   SUNSET   813 PM MDT


-  INDICATES NEGATIVE NUMBERS.
R  INDICATES RECORD WAS SET OR TIED.
MM INDICATES DATA IS MISSING.
T  INDICATES TRACE AMOUNT.




$$
