000
CDUS44 KLZK 032058
CLILZK


CLIMATE REPORT
NATIONAL WEATHER SERVICE LITTLE ROCK AR
358 PM CDT SUN MAY 3 2015


...................................

...THE NORTH LITTLE ROCK CLIMATE SUMMARY FOR MAY 3 2015...
VALID TODAY AS OF 0300 PM LOCAL TIME.

CLIMATE NORMAL PERIOD 1981 TO 2010
CLIMATE RECORD PERIOD 1975 TO 2015


WEATHER ITEM   OBSERVED TIME   RECORD YEAR NORMAL DEPARTURE LAST
                VALUE   (LST)  VALUE       VALUE  FROM      YEAR
                                                  NORMAL
..................................................................
TEMPERATURE (F)
 TODAY
  MAXIMUM         82        MM  87    2001  77      5       82
  MINIMUM         58        MM  39    2013  58      0       52
  AVERAGE         70                        68      2       67

PRECIPITATION (IN)
  TODAY            0.00          1.83 1979   0.18  -0.18     0.00
  MONTH TO DATE    0.00                      0.54  -0.54      T
  SINCE MAR 1     13.61                     10.10   3.51     9.76
  SINCE JAN 1     19.79                     17.18   2.61    15.08

SNOWFALL (IN)
  TODAY            0.0          MM      MM   0.0    0.0      0.0
  MONTH TO DATE    0.0                       0.0    0.0      0.0
  SINCE MAR 1      6.4                       0.4    6.0      1.6
  SINCE JUL 1     10.6                       4.4    6.2      5.2
  SNOW DEPTH       0

DEGREE DAYS
 HEATING
  TODAY            0                         2     -2        0
  MONTH TO DATE    3                         6     -3       16
  SINCE MAR 1    500                       502     -2      656
  SINCE JUL 1   3297                      2988    309     3483

 COOLING
  TODAY            5                         4      1        2
  MONTH TO DATE    5                        12     -7        2
  SINCE MAR 1     80                        99    -19       58
  SINCE JAN 1     80                       101    -21       58
..................................................................


WIND (MPH)
  HIGHEST WIND SPEED     9   HIGHEST WIND DIRECTION    SW (210)
  HIGHEST GUST SPEED    17   HIGHEST GUST DIRECTION    SW (230)
  AVERAGE WIND SPEED     6.9


SKY COVER
  POSSIBLE SUNSHINE  MM
  AVERAGE SKY COVER 0.2


WEATHER CONDITIONS
 THE FOLLOWING WEATHER WAS RECORDED TODAY.
  NO SIGNIFICANT WEATHER WAS OBSERVED.


RELATIVE HUMIDITY (PERCENT)
 HIGHEST    67
 LOWEST     47
 AVERAGE    57

..........................................................


THE NORTH LITTLE ROCK CLIMATE NORMALS FOR TOMORROW
                         NORMAL    RECORD    YEAR
 MAXIMUM TEMPERATURE (F)   77        90      2014
                                             2012
 MINIMUM TEMPERATURE (F)   58        40      2013


SUNRISE AND SUNSET
MAY  3 2015...........SUNRISE   617 AM CDT   SUNSET   756 PM CDT
MAY  4 2015...........SUNRISE   616 AM CDT   SUNSET   756 PM CDT


-  INDICATES NEGATIVE NUMBERS.
R  INDICATES RECORD WAS SET OR TIED.
MM INDICATES DATA IS MISSING.
T  INDICATES TRACE AMOUNT.




$$
