000
CDUS44 KMAF 190731
CLIMAF


CLIMATE REPORT
NATIONAL WEATHER SERVICE MIDLAND/ODESSA TX
231 AM CDT SUN APR 19 2015


...................................

...THE MIDLAND CLIMATE SUMMARY FOR APRIL 18 2015...

CLIMATE NORMAL PERIOD 1981 TO 2010
CLIMATE RECORD PERIOD 1930 TO 2015


WEATHER ITEM   OBSERVED TIME   RECORD YEAR NORMAL DEPARTURE LAST
                VALUE   (LST)  VALUE       VALUE  FROM      YEAR
                                                  NORMAL
..................................................................
TEMPERATURE (F)
 YESTERDAY
  MAXIMUM         81    449 PM  96    2011  80      1       78
                                      1948
  MINIMUM         49    627 AM  34    2008  50     -1       51
                                      1998
  AVERAGE         65                        65      0       65

PRECIPITATION (IN)
  YESTERDAY        0.00          0.70 1990   0.03  -0.03     0.00
  MONTH TO DATE    0.85                      0.39   0.46      T
  SINCE MAR 1      2.50                      0.99   1.51     0.19
  SINCE JAN 1      5.19                      2.26   2.93     0.45

SNOWFALL (IN)
  YESTERDAY        0.0
  MONTH TO DATE    0.0
  SINCE MAR 1      T
  SINCE JUL 1      3.6
  SNOW DEPTH       0

DEGREE DAYS
 HEATING
  YESTERDAY        0                         3     -3        0
  MONTH TO DATE   30                        86    -56       68
  SINCE MAR 1    368                       393    -25      350
  SINCE JUL 1   2518                      2630   -112     2598

 COOLING
  YESTERDAY        0                         3     -3        0
  MONTH TO DATE   78                        39     39       67
  SINCE MAR 1    104                        55     49       90
  SINCE JAN 1    105                        57     48       92
..................................................................


WIND (MPH)
  HIGHEST WIND SPEED    26   HIGHEST WIND DIRECTION     W (260)
  HIGHEST GUST SPEED    32   HIGHEST GUST DIRECTION     W (260)
  AVERAGE WIND SPEED    10.0


SKY COVER
  POSSIBLE SUNSHINE  MM
  AVERAGE SKY COVER 0.1


WEATHER CONDITIONS
 THE FOLLOWING WEATHER WAS RECORDED YESTERDAY.
  NO SIGNIFICANT WEATHER WAS OBSERVED.


RELATIVE HUMIDITY (PERCENT)
 HIGHEST    93           500 AM
 LOWEST      9           600 PM
 AVERAGE    51

..........................................................


THE MIDLAND CLIMATE NORMALS FOR TODAY
                         NORMAL    RECORD    YEAR
 MAXIMUM TEMPERATURE (F)   80        94      2000
                                             1964
                                             1954
 MINIMUM TEMPERATURE (F)   50        32      2013


SUNRISE AND SUNSET
APRIL 19 2015.........SUNRISE   716 AM CDT   SUNSET   821 PM CDT
APRIL 20 2015.........SUNRISE   715 AM CDT   SUNSET   821 PM CDT


-  INDICATES NEGATIVE NUMBERS.
R  INDICATES RECORD WAS SET OR TIED.
MM INDICATES DATA IS MISSING.
T  INDICATES TRACE AMOUNT.




$$
