000
CDUS42 KTAE 180634
CLIMAI


CLIMATE REPORT
NATIONAL WEATHER SERVICE TALLAHASSEE FL
231 AM EDT SAT APR 18 2015

...................................

...THE MARIANNA CLIMATE SUMMARY FOR APRIL 17 2015...

CLIMATE NORMAL PERIOD 1981 TO 2010
CLIMATE RECORD PERIOD 1950 TO 2015


WEATHER ITEM   OBSERVED NORMAL DEPARTURE LAST
                VALUE   VALUE  FROM      YEAR
                               NORMAL
...............................................
TEMPERATURE (F)
 YESTERDAY
  MAXIMUM         73     80     -7       72
  MINIMUM         65     54     11       50
  AVERAGE         69     67      2       61

PRECIPITATION (IN)
  YESTERDAY        1.14   0.13   1.01     0.00
  MONTH TO DATE    8.36   2.62   5.74     5.75
  SINCE MAR 1     10.66   8.16   2.50    15.59
  SINCE JAN 1     17.84  18.14  -0.30    22.92

DEGREE DAYS
 HEATING
  YESTERDAY        0            -2
  MONTH TO DATE    1           -48
  SINCE MAR 1    107          -122
  SINCE JUL 1   1685            51

 COOLING
  YESTERDAY        4             0
  MONTH TO DATE  128            80
  SINCE MAR 1    226           146
  SINCE JAN 1    232           137
...............................................


WIND (MPH)
  HIGHEST WIND SPEED    16   HIGHEST WIND DIRECTION     W (290)
  HIGHEST GUST SPEED    20   HIGHEST GUST DIRECTION     W (280)
  AVERAGE WIND SPEED     4.6




RELATIVE HUMIDITY (PERCENT)
 HIGHEST   100
 LOWEST     93
 AVERAGE    97

..........................................................



SUNRISE AND SUNSET
APRIL 18 2015.........SUNRISE   610 AM CDT   SUNSET   711 PM CDT
APRIL 19 2015.........SUNRISE   609 AM CDT   SUNSET   711 PM CDT


-  INDICATES NEGATIVE NUMBERS.
R  INDICATES RECORD WAS SET OR TIED.
MM INDICATES DATA IS MISSING.
T  INDICATES TRACE AMOUNT.

$$
