000
CDUS43 KABR 280911
CLIMBG


CLIMATE REPORT
NATIONAL WEATHER SERVICE ABERDEEN SD
410 AM CDT TUE APR 28 2015


...................................

...THE MOBRIDGE SD CLIMATE SUMMARY FOR APRIL 27 2015...

CLIMATE NORMAL PERIOD 1981 TO 2010
CLIMATE RECORD PERIOD 1911 TO 2015


WEATHER ITEM   OBSERVED TIME   RECORD YEAR NORMAL DEPARTURE LAST
                VALUE   (LST)  VALUE       VALUE  FROM      YEAR
                                                  NORMAL
..................................................................
TEMPERATURE (F)
 YESTERDAY
  MAXIMUM         67   1204 PM  94    1952  63      4       47
  MINIMUM         34    544 AM  19    1950  37     -3       38
  AVERAGE         51                        50      1       43

PRECIPITATION (IN)
  YESTERDAY        0.01          1.24 2014   0.09  -0.08     1.24
  MONTH TO DATE    0.48                      1.31  -0.83     1.57
  SINCE MAR 1      0.65                      2.21  -1.56     2.08
  SINCE JAN 1      1.45                      2.94  -1.49     2.69

SNOWFALL (IN)
  YESTERDAY        0.0
  MONTH TO DATE    T
  SINCE OCT 1     18.7
  SINCE JUL 1     18.7
  SNOW DEPTH       0

DEGREE DAYS
 HEATING
  YESTERDAY       14                        15     -1       22
  MONTH TO DATE  458                       550    -92      602
  SINCE MAR 1   1266                      1577   -311     1746
  SINCE JUL 1   7025                      7552   -527     8286

 COOLING
  YESTERDAY        0                         0      0        0
  MONTH TO DATE    0                         0      0        0
  SINCE MAR 1      0                         0      0        0
  SINCE JAN 1      0                         0      0        0
..................................................................


WIND (MPH)
  HIGHEST WIND SPEED    23   HIGHEST WIND DIRECTION    NW (320)
  HIGHEST GUST SPEED    27   HIGHEST GUST DIRECTION    NW (300)
  AVERAGE WIND SPEED     8.9


SKY COVER
  POSSIBLE SUNSHINE  MM
  AVERAGE SKY COVER 0.4


WEATHER CONDITIONS
 THE FOLLOWING WEATHER WAS RECORDED YESTERDAY.
  LIGHT RAIN
  FOG
  HAZE


RELATIVE HUMIDITY (PERCENT)
 HIGHEST    93          1000 PM
 LOWEST     44          1200 PM
 AVERAGE    69

..........................................................


THE MOBRIDGE SD CLIMATE NORMALS FOR TODAY
                         NORMAL    RECORD    YEAR
 MAXIMUM TEMPERATURE (F)   63        91      1952
 MINIMUM TEMPERATURE (F)   37        20      1958


SUNRISE AND SUNSET
APRIL 28 2015.........SUNRISE   635 AM CDT   SUNSET   844 PM CDT
APRIL 29 2015.........SUNRISE   633 AM CDT   SUNSET   846 PM CDT


-  INDICATES NEGATIVE NUMBERS.
R  INDICATES RECORD WAS SET OR TIED.
MM INDICATES DATA IS MISSING.
T  INDICATES TRACE AMOUNT.




$$
