000
CDUS43 KDTX 052036
CLIMBS


CLIMATE REPORT
NATIONAL WEATHER SERVICE DETROIT/PONTIAC MI
434 PM EDT TUE MAY 5 2015


...................................

...THE TRI CITIES MI CLIMATE SUMMARY FOR MAY 5 2015...
VALID TODAY AS OF 0400 PM LOCAL TIME.

CLIMATE NORMAL PERIOD 1981 TO 2010
CLIMATE RECORD PERIOD 1898 TO 2015


WEATHER ITEM   OBSERVED TIME   NORMAL DEPARTURE LAST
                VALUE   (LST)  VALUE  FROM      YEAR
                                      NORMAL
......................................................
TEMPERATURE (F)
 TODAY
  MAXIMUM         60    254 PM  64     -4       57
  MINIMUM         50    623 AM  43      7       36
  AVERAGE         55            54      1       47

PRECIPITATION (IN)
  TODAY            T             0.11  -0.11      T
  MONTH TO DATE    0.05          0.53  -0.48     0.33
  SINCE MAR 1      3.24          5.48  -2.24     4.91
  SINCE JAN 1      5.35          8.80  -3.45     8.69

SNOWFALL (IN)
  TODAY            0.0           0.0    0.0      0.0
  MONTH TO DATE    0.0           0.0    0.0      0.0
  SINCE MAR 1      6.1           8.1   -2.0      7.2
  SINCE JUL 1     38.0          41.5   -3.5     60.3
  SNOW DEPTH       0

DEGREE DAYS
 HEATING
  TODAY           10            12     -2       18
  MONTH TO DATE   22            63    -41       82
  SINCE MAR 1   1562          1604    -42     1850
  SINCE JUL 1   6923          6703    220     7442

 COOLING
  TODAY            0             0      0        0
  MONTH TO DATE    2             0      2        0
  SINCE MAR 1      2             4     -2        3
  SINCE JAN 1      2             4     -2        3
......................................................


WIND (MPH)
  HIGHEST WIND SPEED    10   HIGHEST WIND DIRECTION     E (80)
  HIGHEST GUST SPEED    13   HIGHEST GUST DIRECTION     E (80)
  AVERAGE WIND SPEED     4.6


SKY COVER
  AVERAGE SKY COVER 0.8


WEATHER CONDITIONS
 THE FOLLOWING WEATHER WAS RECORDED TODAY.
  LIGHT RAIN


..........................................................


THE TRI CITIES MI CLIMATE NORMALS FOR TOMORROW
                         NORMAL
 MAXIMUM TEMPERATURE (F)   65
 MINIMUM TEMPERATURE (F)   43


SUNRISE AND SUNSET
MAY  5 2015...........SUNRISE   624 AM EDT   SUNSET   843 PM EDT
MAY  6 2015...........SUNRISE   623 AM EDT   SUNSET   844 PM EDT


-  INDICATES NEGATIVE NUMBERS.
R  INDICATES RECORD WAS SET OR TIED.
MM INDICATES DATA IS MISSING.
T  INDICATES TRACE AMOUNT.




$$
