000
CDUS46 KHNX 050820
CLIMCE


CLIMATE REPORT
NATIONAL WEATHER SERVICE SAN JOAQUIN VALLEY, CA
120 AM PDT TUE MAY 5 2015


...................................

...THE MERCED  CA CLIMATE SUMMARY FOR MAY 4 2015...

CLIMATE NORMAL PERIOD 1981 TO 2010
CLIMATE RECORD PERIOD 1998 TO 2015


WEATHER ITEM   OBSERVED TIME   RECORD YEAR NORMAL DEPARTURE
                VALUE   (LST)  VALUE       VALUE  FROM
                                                  NORMAL
...............................................................
TEMPERATURE (F)
 YESTERDAY
  MAXIMUM         80    515 PM  95    2004  79      1
  MINIMUM         50    525 AM  38    1999  49      1
  AVERAGE         65                        64      1

PRECIPITATION (IN)
  YESTERDAY        0.00          0.01 2007   0.03  -0.03
  MONTH TO DATE    0.00                      0.13  -0.13
  SINCE OCT 1      7.10                     11.61  -4.51
  SINCE JAN 1      2.35                      8.10  -5.75

SNOWFALL (IN)
  YESTERDAY        0.0
  MONTH TO DATE    0.0
  SINCE MAR 1      0.0
  SINCE JUL 1      0.0
  SNOW DEPTH       0

DEGREE DAYS
 HEATING
  YESTERDAY        0
  MONTH TO DATE    0
  SINCE MAR 1    259
  SINCE JUL 1   1723

 COOLING
  YESTERDAY        0
  MONTH TO DATE   21
  SINCE MAR 1     65
  SINCE JAN 1     65
...............................................................


WIND (MPH)
  HIGHEST WIND SPEED    15   HIGHEST WIND DIRECTION    NW (330)
  HIGHEST GUST SPEED    22   HIGHEST GUST DIRECTION     W (290)
  AVERAGE WIND SPEED     9.3




RELATIVE HUMIDITY (PERCENT)
 HIGHEST    89
 LOWEST     30
 AVERAGE    60

..........................................................


THE MERCED  CA CLIMATE NORMALS FOR TODAY
                         NORMAL    RECORD    YEAR
 MAXIMUM TEMPERATURE (F)   80        95      2011
 MINIMUM TEMPERATURE (F)   49        42      2003


SUNRISE AND SUNSET
MAY  5 2015...........SUNRISE   603 AM PDT   SUNSET   755 PM PDT
MAY  6 2015...........SUNRISE   602 AM PDT   SUNSET   756 PM PDT


-  INDICATES NEGATIVE NUMBERS.
R  INDICATES RECORD WAS SET OR TIED.
MM INDICATES DATA IS MISSING.
T  INDICATES TRACE AMOUNT.




$$
