000
CDUS42 KFFC 030821
CLIMCN


CLIMATE REPORT
NATIONAL WEATHER SERVICE PEACHTREE CITY GA
421 AM EDT SUN MAY 3 2015


...................................

...THE MACON CLIMATE SUMMARY FOR MAY 2 2015...

CLIMATE NORMAL PERIOD 1981 TO 2010
CLIMATE RECORD PERIOD 1899 TO 2015


WEATHER ITEM   OBSERVED TIME   RECORD YEAR NORMAL DEPARTURE LAST
                VALUE   (LST)  VALUE       VALUE  FROM      YEAR
                                                  NORMAL
..................................................................
TEMPERATURE (F)
 YESTERDAY
  MAXIMUM         79    432 PM  94    1990  81     -2       75
                                      1959
  MINIMUM         45    552 AM  41    1897  55    -10       52
  AVERAGE         62                        68     -6       64

PRECIPITATION (IN)
  YESTERDAY        0.00          2.71 1964   0.07  -0.07     0.02
  MONTH TO DATE    0.00                      0.15  -0.15     0.02
  SINCE MAR 1      8.55                      7.66   0.89    11.41
  SINCE JAN 1     15.35                     16.26  -0.91    19.24

DEGREE DAYS
 HEATING
  YESTERDAY        3                         1      2        1
  MONTH TO DATE    6                         2      4        6
  SINCE MAR 1    258                       384   -126      481
  SINCE JUL 1   2471                      2309    162     2614

 COOLING
  YESTERDAY        0                         4     -4        0
  MONTH TO DATE    0                         8     -8        0
  SINCE MAR 1    124                        89     35       52
  SINCE JAN 1    124                        92     32       53
..................................................................


WIND (MPH)
  RESULTANT WIND SPEED   0   RESULTANT WIND DIRECTION  NW (320)
  HIGHEST WIND SPEED     8   HIGHEST WIND DIRECTION    SW (220)
  HIGHEST GUST SPEED    14   HIGHEST GUST DIRECTION     W (250)
  AVERAGE WIND SPEED     1.1


SKY COVER
  AVERAGE SKY COVER 0.1


WEATHER CONDITIONS
 THE FOLLOWING WEATHER WAS RECORDED YESTERDAY.
  FOG
  HAZE


RELATIVE HUMIDITY (PERCENT)
 HIGHEST   100           500 AM
 LOWEST     33           100 PM
 AVERAGE    67

..........................................................


THE MACON CLIMATE NORMALS FOR TODAY
                         NORMAL    RECORD    YEAR
 MAXIMUM TEMPERATURE (F)   81        93      1959
                                             1951
                                             1902
 MINIMUM TEMPERATURE (F)   55        42      1995


SUNRISE AND SUNSET
MAY  3 2015...........SUNRISE   646 AM EDT   SUNSET   818 PM EDT
MAY  4 2015...........SUNRISE   645 AM EDT   SUNSET   818 PM EDT


-  INDICATES NEGATIVE NUMBERS.
R  INDICATES RECORD WAS SET OR TIED.
MM INDICATES DATA IS MISSING.
T  INDICATES TRACE AMOUNT.




$$
