000
CDUS41 KCTP 180616
CLIMDT


CLIMATE REPORT
NATIONAL WEATHER SERVICE STATE COLLEGE PA
216 AM EDT SAT APR 18 2015


...................................

...THE HARRISBURG PA CLIMATE SUMMARY FOR APRIL 17 2015...

CLIMATE NORMAL PERIOD 1981 TO 2010
CLIMATE RECORD PERIOD 1888 TO 2015


WEATHER ITEM   OBSERVED TIME   RECORD YEAR NORMAL DEPARTURE LAST
                VALUE   (LST)  VALUE       VALUE  FROM      YEAR
                                                  NORMAL
..................................................................
TEMPERATURE (F)
 YESTERDAY
  MAXIMUM         74    313 PM  91    2002  63     11       56
                                      1896
  MINIMUM         53   1134 PM  29    1980  42     11       33
                                      1904
  AVERAGE         64                        53     11       45

PRECIPITATION (IN)
  YESTERDAY        0.04          1.01 1910   0.10  -0.06     0.00
  MONTH TO DATE    0.59                      1.76  -1.17     2.12
  SINCE MAR 1      4.15                      5.13  -0.98     6.00
  SINCE JAN 1      7.74                     10.40  -2.66    12.71

SNOWFALL (IN)
  YESTERDAY        0.0           T    2001   0.0    0.0      0.0
                                      1965
  MONTH TO DATE    0.0                       0.3   -0.3       T
  SINCE MAR 1     11.8                       5.5    6.3      1.4
  SINCE JUL 1     39.2                      30.5    8.7     44.0
  SNOW DEPTH       0

DEGREE DAYS
 HEATING
  YESTERDAY        1                        12    -11       20
  MONTH TO DATE  214                       260    -46      239
  SINCE MAR 1   1108                       983    125     1113
  SINCE JUL 1   5411                      4971    440     5457

 COOLING
  YESTERDAY        0                         0      0        0
  MONTH TO DATE    0                         0      0        6
  SINCE MAR 1      0                         1     -1        6
  SINCE JAN 1      0                         1     -1        6
..................................................................


WIND (MPH)
  HIGHEST WIND SPEED    15   HIGHEST WIND DIRECTION    NW (310)
  HIGHEST GUST SPEED    18   HIGHEST GUST DIRECTION    NW (300)
  AVERAGE WIND SPEED     4.9


SKY COVER
  POSSIBLE SUNSHINE  MM
  AVERAGE SKY COVER 0.8


WEATHER CONDITIONS
 THE FOLLOWING WEATHER WAS RECORDED YESTERDAY.
  LIGHT RAIN
  FOG
  HAZE


RELATIVE HUMIDITY (PERCENT)
 HIGHEST    86           200 AM
 LOWEST     53           300 PM
 AVERAGE    70

..........................................................


THE HARRISBURG PA CLIMATE NORMALS FOR TODAY
                         NORMAL    RECORD    YEAR
 MAXIMUM TEMPERATURE (F)   64        92      1896
 MINIMUM TEMPERATURE (F)   43        28      1948


SUNRISE AND SUNSET
APRIL 18 2015.........SUNRISE   625 AM EDT   SUNSET   749 PM EDT
APRIL 19 2015.........SUNRISE   623 AM EDT   SUNSET   750 PM EDT


-  INDICATES NEGATIVE NUMBERS.
R  INDICATES RECORD WAS SET OR TIED.
MM INDICATES DATA IS MISSING.
T  INDICATES TRACE AMOUNT.




$$
