000
CDUS41 KCTP 020625
CLIMDT


CLIMATE REPORT
NATIONAL WEATHER SERVICE STATE COLLEGE PA
224 AM EDT THU APR 2 2015


...................................

...THE HARRISBURG PA CLIMATE SUMMARY FOR APRIL 1 2015...

CLIMATE NORMAL PERIOD 1981 TO 2010
CLIMATE RECORD PERIOD 1888 TO 2015


WEATHER ITEM   OBSERVED TIME   RECORD YEAR NORMAL DEPARTURE LAST
                VALUE   (LST)  VALUE       VALUE  FROM      YEAR
                                                  NORMAL
..................................................................
TEMPERATURE (F)
 YESTERDAY
  MAXIMUM         56    241 PM  85    1978  57     -1       61
  MINIMUM         29    604 AM  11    1923  38     -9       32
  AVERAGE         43                        47     -4       47

PRECIPITATION (IN)
  YESTERDAY        0.00          1.34 2004   0.11  -0.11     0.00
  MONTH TO DATE    0.00                      0.11  -0.11     0.00
  SINCE MAR 1      3.56                      3.48   0.08     3.88
  SINCE JAN 1      7.15                      8.75  -1.60    10.59

SNOWFALL (IN)
  YESTERDAY        0.0           8.0  1924   0.0    0.0      0.0
  MONTH TO DATE    0.0                       0.0    0.0      0.0
  SINCE MAR 1     11.8                       5.2    6.6      1.4
  SINCE JUL 1     39.2                      30.2    9.0     44.0
  SNOW DEPTH       0

DEGREE DAYS
 HEATING
  YESTERDAY       22                        18      4       18
  MONTH TO DATE   22                        18      4       18
  SINCE MAR 1    916                       741    175      892
  SINCE JUL 1   5219                      4729    490     5236

 COOLING
  YESTERDAY        0                         0      0        0
  MONTH TO DATE    0                         0      0        0
  SINCE MAR 1      0                         1     -1        0
  SINCE JAN 1      0                         1     -1        0
..................................................................


WIND (MPH)
  HIGHEST WIND SPEED    23   HIGHEST WIND DIRECTION    NW (320)
  HIGHEST GUST SPEED    29   HIGHEST GUST DIRECTION    NW (320)
  AVERAGE WIND SPEED     8.0


SKY COVER
  POSSIBLE SUNSHINE  MM
  AVERAGE SKY COVER 0.2


WEATHER CONDITIONS
 THE FOLLOWING WEATHER WAS RECORDED YESTERDAY.
  NO SIGNIFICANT WEATHER WAS OBSERVED.


RELATIVE HUMIDITY (PERCENT)
 HIGHEST    76          1000 PM
 LOWEST     30           100 PM
 AVERAGE    53

..........................................................


THE HARRISBURG PA CLIMATE NORMALS FOR TODAY
                         NORMAL    RECORD    YEAR
 MAXIMUM TEMPERATURE (F)   57        87      1963
 MINIMUM TEMPERATURE (F)   38        22      1964
                                             1907


SUNRISE AND SUNSET
APRIL  2 2015.........SUNRISE   650 AM EDT   SUNSET   732 PM EDT
APRIL  3 2015.........SUNRISE   648 AM EDT   SUNSET   733 PM EDT


-  INDICATES NEGATIVE NUMBERS.
R  INDICATES RECORD WAS SET OR TIED.
MM INDICATES DATA IS MISSING.
T  INDICATES TRACE AMOUNT.




$$
