000
CDUS44 KMEG 180626
CLIMEM


CLIMATE REPORT
NATIONAL WEATHER SERVICE MEMPHIS TN
125 AM CDT SAT APR 18 2015


...................................

...THE MEMPHIS CLIMATE SUMMARY FOR APRIL 17 2015...

CLIMATE NORMAL PERIOD 1981 TO 2010
CLIMATE RECORD PERIOD 1872 TO 2015


WEATHER ITEM   OBSERVED TIME   RECORD YEAR NORMAL DEPARTURE LAST
                VALUE   (LST)  VALUE       VALUE  FROM      YEAR
                                                  NORMAL
..................................................................
TEMPERATURE (F)
 YESTERDAY
  MAXIMUM         76    313 PM  91    2006  74      2       71
  MINIMUM         64   1154 PM  35    1921  53     11       44
                                      1875
  AVERAGE         70                        63      7       58

PRECIPITATION (IN)
  YESTERDAY        T             1.61 1959   0.20  -0.20     0.00
  MONTH TO DATE    1.44                      3.07  -1.63     2.51
  SINCE MAR 1      6.92                      8.23  -1.31     9.89
  SINCE JAN 1     12.57                     16.60  -4.03    18.01

SNOWFALL (IN)
  YESTERDAY        0.0          MM      MM   0.0    0.0      0.0
  MONTH TO DATE    0.0                       0.0    0.0      0.0
  SINCE MAR 1      3.6                       0.4    3.2      0.5
  SINCE JUL 1      6.1                       3.8    2.3      0.8
  SNOW DEPTH       0

DEGREE DAYS
 HEATING
  YESTERDAY        0                         4     -4        7
  MONTH TO DATE   34                       100    -66      120
  SINCE MAR 1    412                       458    -46      595
  SINCE JUL 1   3135                      2908    227     3421

 COOLING
  YESTERDAY        5                         3      2        0
  MONTH TO DATE   71                        33     38       32
  SINCE MAR 1     77                        50     27       34
  SINCE JAN 1     77                        53     24       34
..................................................................


WIND (MPH)
  HIGHEST WIND SPEED    14   HIGHEST WIND DIRECTION    SE (150)
  HIGHEST GUST SPEED    28   HIGHEST GUST DIRECTION    NE (60)
  AVERAGE WIND SPEED     6.1


SKY COVER
  POSSIBLE SUNSHINE  MM
  AVERAGE SKY COVER 0.8


WEATHER CONDITIONS
 THE FOLLOWING WEATHER WAS RECORDED YESTERDAY.
  LIGHT RAIN


RELATIVE HUMIDITY (PERCENT)
 HIGHEST    87           100 AM
 LOWEST     68           200 PM
 AVERAGE    78

..........................................................


THE MEMPHIS CLIMATE NORMALS FOR TODAY
                         NORMAL    RECORD    YEAR
 MAXIMUM TEMPERATURE (F)   74        92      2006
 MINIMUM TEMPERATURE (F)   54        37      1961


SUNRISE AND SUNSET
APRIL 18 2015.........SUNRISE   624 AM CDT   SUNSET   735 PM CDT
APRIL 19 2015.........SUNRISE   623 AM CDT   SUNSET   736 PM CDT


-  INDICATES NEGATIVE NUMBERS.
R  INDICATES RECORD WAS SET OR TIED.
MM INDICATES DATA IS MISSING.
T  INDICATES TRACE AMOUNT.




$$
