000
CDUS44 KBRO 190629
CLIMFE


CLIMATE REPORT
NATIONAL WEATHER SERVICE BROWNSVILLE TX
129 AM CDT SUN APR 19 2015


...................................

...THE MCALLEN CLIMATE SUMMARY FOR APRIL 18 2015...

CLIMATE NORMAL PERIOD 1981 TO 2010
CLIMATE RECORD PERIOD 1941 TO 2015


WEATHER ITEM   OBSERVED TIME   RECORD YEAR NORMAL DEPARTURE LAST
                VALUE   (LST)  VALUE       VALUE  FROM      YEAR
                                                  NORMAL
..................................................................
TEMPERATURE (F)
 YESTERDAY
  MAXIMUM         89    339 PM  98    1953  87      2       78
  MINIMUM         70   1159 PM  53    1947  67      3       62
                                      2001
  AVERAGE         80                        77      3

PRECIPITATION (IN)
  YESTERDAY        0.01          1.74 1974   0.05  -0.04     0.00
  MONTH TO DATE    3.63                      0.65   2.98     0.03
  SINCE MAR 1      5.02                      1.68   3.34     1.20
  SINCE JAN 1      5.61                      3.84   1.77     2.08

SNOWFALL (IN)
  YESTERDAY        0.0
  MONTH TO DATE    0.0
  SINCE MAR 1      0.0
  SINCE JUL 1      0.0

DEGREE DAYS
 HEATING
  YESTERDAY        0                         0      0        0
  MONTH TO DATE    0                         3     -3        9
  SINCE MAR 1     66                        41     25      107
  SINCE JUL 1    756                       574    182      883

 COOLING
  YESTERDAY       15                        12      3        5
  MONTH TO DATE  260                       197     63      161
  SINCE MAR 1    426                       415     11      297
  SINCE JAN 1    511                       574    -63      425
..................................................................


WIND (MPH)
  HIGHEST WIND SPEED    20   HIGHEST WIND DIRECTION    SE (120)
  HIGHEST GUST SPEED    23   HIGHEST GUST DIRECTION     E (110)
  AVERAGE WIND SPEED     7.7



WEATHER CONDITIONS
 THE FOLLOWING WEATHER WAS RECORDED YESTERDAY.
  LIGHT RAIN
  FOG
  HAZE


RELATIVE HUMIDITY (PERCENT)
 HIGHEST    91
 LOWEST     43
 AVERAGE    67

..........................................................


THE MCALLEN CLIMATE NORMALS FOR TODAY
                         NORMAL    RECORD    YEAR
 MAXIMUM TEMPERATURE (F)   88        98      2011
 MINIMUM TEMPERATURE (F)   67        53      2008


SUNRISE AND SUNSET
APRIL 19 2015.........SUNRISE   706 AM CDT   SUNSET   758 PM CDT
APRIL 20 2015.........SUNRISE   705 AM CDT   SUNSET   759 PM CDT


-  INDICATES NEGATIVE NUMBERS.
R  INDICATES RECORD WAS SET OR TIED.
MM INDICATES DATA IS MISSING.
T  INDICATES TRACE AMOUNT.




$$
