000
CDUS46 KMFR 070036
CLIMFR


CLIMATE REPORT
NATIONAL WEATHER SERVICE MEDFORD, OR
536 PM PDT WED MAY 6 2015


...................................

...THE MEDFORD OR CLIMATE SUMMARY FOR MAY 6 2015...
VALID TODAY AS OF 0500 PM LOCAL TIME.

CLIMATE NORMAL PERIOD 1981 TO 2010
CLIMATE RECORD PERIOD 1911 TO 2015


WEATHER ITEM   OBSERVED TIME   RECORD YEAR NORMAL DEPARTURE LAST
                VALUE   (LST)  VALUE       VALUE  FROM      YEAR
                                                  NORMAL
..................................................................
TEMPERATURE (F)
 TODAY
  MAXIMUM         67    204 PM 101    1987  71     -4       67
  MINIMUM         38    516 AM  28    1968  44     -6       45
  AVERAGE         53                        57     -4       56

PRECIPITATION (IN)
  TODAY            0.00          0.73 1979   0.04  -0.04     0.00
  MONTH TO DATE    0.00                      0.26  -0.26     0.06
  SINCE OCT 1     13.35                     15.43  -2.08    11.39
  SINCE JAN 1      6.50                      7.79  -1.29     9.71

SNOWFALL (IN)
  TODAY            0.0                       0.0    0.0      0.0
  MONTH TO DATE    0.0                       0.0    0.0      0.0
  SINCE JUL 1      T                         4.1   -4.1      3.4
  SNOW DEPTH       0

DEGREE DAYS
 HEATING
  TODAY           12                         8      4        9
  MONTH TO DATE   23                        52    -29       32
  SINCE MAR 1    712                       937   -225      712
  SINCE JUL 1   3152                      4051   -899     4082

 COOLING
  TODAY            0                         1     -1        0
  MONTH TO DATE    1                         5     -4        5
  SINCE MAR 1      1                         8     -7        9
  SINCE JAN 1      1                         8     -7        9
..................................................................


WIND (MPH)
  HIGHEST WIND SPEED    18   HIGHEST WIND DIRECTION     N (350)
  HIGHEST GUST SPEED    24   HIGHEST GUST DIRECTION     N (340)
  AVERAGE WIND SPEED     3.9


SKY COVER
  POSSIBLE SUNSHINE  MM
  AVERAGE SKY COVER 0.5


WEATHER CONDITIONS
 THE FOLLOWING WEATHER WAS RECORDED TODAY.
  NO SIGNIFICANT WEATHER WAS OBSERVED.


RELATIVE HUMIDITY (PERCENT)
 HIGHEST    85           600 AM
 LOWEST     26           300 PM
 AVERAGE    56

..........................................................


THE MEDFORD OR CLIMATE NORMALS FOR TOMORROW
                         NORMAL    RECORD    YEAR
 MAXIMUM TEMPERATURE (F)   71        97      1987
 MINIMUM TEMPERATURE (F)   44        29      1916


SUNRISE AND SUNSET
MAY  6 2015...........SUNRISE   600 AM PDT   SUNSET   816 PM PDT
MAY  7 2015...........SUNRISE   559 AM PDT   SUNSET   818 PM PDT


-  INDICATES NEGATIVE NUMBERS.
R  INDICATES RECORD WAS SET OR TIED.
MM INDICATES DATA IS MISSING.
T  INDICATES TRACE AMOUNT.




$$
