000
CDUS41 KPBZ 052140
CLIMGW


CLIMATE REPORT
NATIONAL WEATHER SERVICE PITTSBURGH PA
540 PM EDT TUE MAY 5 2015


...................................

...THE MORGANTOWN WV CLIMATE SUMMARY FOR MAY 5 2015...
VALID TODAY AS OF 0500 PM LOCAL TIME.

CLIMATE NORMAL PERIOD 1981 TO 2010
CLIMATE RECORD PERIOD 1948 TO 2015


WEATHER ITEM   OBSERVED TIME   RECORD YEAR NORMAL DEPARTURE LAST
                VALUE   (LST)  VALUE       VALUE  FROM      YEAR
                                                  NORMAL
..................................................................
TEMPERATURE (F)
 TODAY
  MAXIMUM         82    231 PM  89    1949  70     12       57
  MINIMUM         62    621 AM  32    1987  47     15       37
  AVERAGE         72                        58     14       47

PRECIPITATION (IN)
  TODAY            0.00         MM      MM   0.14  -0.14     0.01
  MONTH TO DATE    0.01                      0.67  -0.66     0.02
  SINCE JUN 1     42.27                     37.89   4.38    39.41
  SINCE JAN 1     16.04                     13.25   2.79    10.98

DEGREE DAYS
 HEATING
  TODAY            0                         7     -7       18
  MONTH TO DATE   19                        39    -20       51
  SINCE MAR 1   1093                      1133    -40     1212
  SINCE JUL 1   5217                      5022    195     5338

 COOLING
  TODAY            7                         1      6        0
  MONTH TO DATE    7                         5      2        0
  SINCE MAR 1     15                        21     -6       18
  SINCE JAN 1     15                        21     -6       18
..................................................................


WIND (MPH)
  RESULTANT WIND SPEED   1   RESULTANT WIND DIRECTION  NE (30)
  HIGHEST WIND SPEED    10   HIGHEST WIND DIRECTION     N (360)
  HIGHEST GUST SPEED    13   HIGHEST GUST DIRECTION     W (260)
  AVERAGE WIND SPEED     1.9


SKY COVER
  POSSIBLE SUNSHINE  MM
  AVERAGE SKY COVER 0.7


WEATHER CONDITIONS
 THE FOLLOWING WEATHER WAS RECORDED TODAY.
  NO SIGNIFICANT WEATHER WAS OBSERVED.


RELATIVE HUMIDITY (PERCENT)
 HIGHEST    72           500 AM
 LOWEST     42           100 PM
 AVERAGE    57

..........................................................


THE MORGANTOWN WV CLIMATE NORMALS FOR TOMORROW
                         NORMAL    RECORD    YEAR
 MAXIMUM TEMPERATURE (F)   70        90      1949
 MINIMUM TEMPERATURE (F)   47        30      1968


SUNRISE AND SUNSET
MAY  5 2015...........SUNRISE   616 AM EDT   SUNSET   817 PM EDT
MAY  6 2015...........SUNRISE   615 AM EDT   SUNSET   818 PM EDT


-  INDICATES NEGATIVE NUMBERS.
R  INDICATES RECORD WAS SET OR TIED.
MM INDICATES DATA IS MISSING.
T  INDICATES TRACE AMOUNT.




$$
