000
CDUS43 KTOP 012143
CLIMHK


CLIMATE REPORT
NATIONAL WEATHER SERVICE TOPEKA KS
442 PM CDT WED APR 1 2015


...................................

...THE MANHATTAN KS CLIMATE SUMMARY FOR APRIL 1 2015...
VALID TODAY AS OF 430 PM LOCAL TIME.

CLIMATE NORMAL PERIOD 1981 TO 2010
CLIMATE RECORD PERIOD 9999 TO 9999


WEATHER ITEM   OBSERVED NORMAL DEPARTURE LAST
                VALUE   VALUE  FROM      YEAR
                               NORMAL
...............................................
TEMPERATURE (F)
 TODAY
  MAXIMUM         85     63     22       53
  MINIMUM         52     36     16       24
  AVERAGE         69     49     20       39

PRECIPITATION (IN)
  TODAY            0.00   0.05  -0.05     0.00
  MONTH TO DATE    0.00   0.05  -0.05     0.00
  SINCE MAR 1      0.26   2.25  -1.99     0.53
  SINCE JAN 1      1.72   3.97  -2.25     1.75

DEGREE DAYS
 HEATING
  TODAY            0     16    -16       26
  MONTH TO DATE    0     16    -16       26
  SINCE MAR 1    581    692   -111      776
  SINCE JUL 1   4775   4852    -77     5307

 COOLING
  TODAY            4      0      4        0
  MONTH TO DATE    4      0      4        0
  SINCE MAR 1      6      2      4        0
  SINCE JAN 1      6      2      4        0
...............................................


WIND (MPH)
  HIGHEST WIND SPEED    29   HIGHEST WIND DIRECTION     S (170)
  HIGHEST GUST SPEED    35   HIGHEST GUST DIRECTION     S (170)
  AVERAGE WIND SPEED     8.7



WEATHER CONDITIONS
 THE FOLLOWING WEATHER WAS RECORDED TODAY.
  NO SIGNIFICANT WEATHER WAS OBSERVED.


RELATIVE HUMIDITY (PERCENT)
 HIGHEST    59
 LOWEST     31
 AVERAGE    45

..........................................................


THE MANHATTAN KS CLIMATE NORMALS FOR TOMORROW
                         NORMAL
 MAXIMUM TEMPERATURE (F)   63
 MINIMUM TEMPERATURE (F)   36


SUNRISE AND SUNSET
APRIL  1 2015.........SUNRISE   712 AM CDT   SUNSET   750 PM CDT
APRIL  2 2015.........SUNRISE   710 AM CDT   SUNSET   751 PM CDT


-  INDICATES NEGATIVE NUMBERS.
R  INDICATES RECORD WAS SET OR TIED.
MM INDICATES DATA IS MISSING.
T  INDICATES TRACE AMOUNT.




$$
