000
CDUS44 KMEG 270635
CLIMKL


CLIMATE REPORT
NATIONAL WEATHER SERVICE MEMPHIS TN
134 AM CDT MON APR 27 2015


...................................

...THE JACKSON CLIMATE SUMMARY FOR APRIL 26 2015...

CLIMATE NORMAL PERIOD 1981 TO 2010
CLIMATE RECORD PERIOD 1948 TO 2015


WEATHER ITEM   OBSERVED TIME   RECORD YEAR NORMAL DEPARTURE LAST
                VALUE   (LST)  VALUE       VALUE  FROM      YEAR
                                                  NORMAL
..................................................................
TEMPERATURE (F)
 YESTERDAY
  MAXIMUM         63   1227 AM  90    1989  75    -12       83
  MINIMUM         44   1158 PM  38    1983  51     -7       42
                                      1972
  AVERAGE         54                        63     -9       63

PRECIPITATION (IN)
  YESTERDAY        0.00          2.67 2011   0.17  -0.17     0.00
  MONTH TO DATE    4.92                      4.18   0.74     2.80
  SINCE MAR 1      9.88                      8.93   0.95     8.64
  SINCE JAN 1     15.77                     17.17  -1.40    16.80

SNOWFALL (IN)
  YESTERDAY        0.0          MM      MM   0.0    0.0      0.0
  MONTH TO DATE    0.0                       0.1   -0.1       T
  SINCE MAR 1      4.4                       0.5    3.9      0.8
  SINCE JUL 1      5.9                       4.7    1.2      1.3
  SNOW DEPTH       0

DEGREE DAYS
 HEATING
  YESTERDAY       11                         4      7        2
  MONTH TO DATE  113                       183    -70      180
  SINCE MAR 1    592                       627    -35      774
  SINCE JUL 1   3765                      3511    254     4070

 COOLING
  YESTERDAY        0                         2     -2        0
  MONTH TO DATE   59                        38     21       31
  SINCE MAR 1     61                        48     13       31
  SINCE JAN 1     61                        49     12       31
..................................................................


WIND (MPH)
  HIGHEST WIND SPEED    15   HIGHEST WIND DIRECTION     N (20)
  HIGHEST GUST SPEED    20   HIGHEST GUST DIRECTION     N (20)
  AVERAGE WIND SPEED     5.7


SKY COVER
  POSSIBLE SUNSHINE  MM
  AVERAGE SKY COVER 0.6


WEATHER CONDITIONS
 THE FOLLOWING WEATHER WAS RECORDED YESTERDAY.
  FOG
  FOG W/VISIBILITY <= 1/4 MILE


RELATIVE HUMIDITY (PERCENT)
 HIGHEST    93           200 AM
 LOWEST     72           400 PM
 AVERAGE    83

..........................................................


THE JACKSON CLIMATE NORMALS FOR TODAY
                         NORMAL    RECORD    YEAR
 MAXIMUM TEMPERATURE (F)   75        93      1987
 MINIMUM TEMPERATURE (F)   52        38      2000


SUNRISE AND SUNSET
APRIL 27 2015.........SUNRISE   609 AM CDT   SUNSET   739 PM CDT
APRIL 28 2015.........SUNRISE   607 AM CDT   SUNSET   739 PM CDT


-  INDICATES NEGATIVE NUMBERS.
R  INDICATES RECORD WAS SET OR TIED.
MM INDICATES DATA IS MISSING.
T  INDICATES TRACE AMOUNT.




$$
