000
CDUS43 KBIS 270024
CLIMOT


CLIMATE REPORT
NATIONAL WEATHER SERVICE BISMARCK ND
723 PM CDT SUN APR 26 2015


...................................

...THE MINOT ND CLIMATE SUMMARY FOR APRIL 26 2015...
VALID TODAY AS OF 0700 PM LOCAL TIME.

CLIMATE NORMAL PERIOD 1981 TO 2010
CLIMATE RECORD PERIOD 1897 TO 2015


WEATHER ITEM   OBSERVED TIME   RECORD YEAR NORMAL DEPARTURE LAST
                VALUE   (LST)  VALUE       VALUE  FROM      YEAR
                                                  NORMAL
..................................................................
TEMPERATURE (F)
 TODAY
  MAXIMUM         49    559 PM  90    1910  60    -11       50
  MINIMUM         45   1119 AM  12    1931  36      9       35
  AVERAGE         47                        48     -1       43

PRECIPITATION (IN)
  TODAY            0.09          1.85 1975   0.05   0.04     0.07
  MONTH TO DATE    0.35                      0.92  -0.57     0.84
  SINCE MAR 1      0.72                      1.76  -1.04     0.89
  SINCE JAN 1      1.19                      2.67  -1.48     1.25

DEGREE DAYS
 HEATING
  TODAY           18                        17      1       22
  MONTH TO DATE  577                       588    -11      679
  SINCE MAR 1   1538                      1727   -189     1962
  SINCE JUL 1   8226                      8303    -77     9195

 COOLING
  TODAY            0                         0      0        0
  MONTH TO DATE    0                         0      0        0
  SINCE MAR 1      0                         0      0        0
  SINCE JAN 1      0                         0      0        0
..................................................................


WIND (MPH)
  RESULTANT WIND SPEED   2   RESULTANT WIND DIRECTION   S (190)
  HIGHEST WIND SPEED    15   HIGHEST WIND DIRECTION    NW (300)
  HIGHEST GUST SPEED    17   HIGHEST GUST DIRECTION    SE (130)
  AVERAGE WIND SPEED     7.4


SKY COVER
  POSSIBLE SUNSHINE  MM
  AVERAGE SKY COVER 1.0


WEATHER CONDITIONS
 THE FOLLOWING WEATHER WAS RECORDED TODAY.
  LIGHT RAIN
  FOG


RELATIVE HUMIDITY (PERCENT)
 HIGHEST    93           500 AM
 LOWEST     80           200 PM
 AVERAGE    87

..........................................................


THE MINOT ND CLIMATE NORMALS FOR TOMORROW
                         NORMAL    RECORD    YEAR
 MAXIMUM TEMPERATURE (F)   61        91      1910
 MINIMUM TEMPERATURE (F)   36        10      1909


SUNRISE AND SUNSET
APRIL 26 2015.........SUNRISE   635 AM CDT   SUNSET   852 PM CDT
APRIL 27 2015.........SUNRISE   633 AM CDT   SUNSET   853 PM CDT


-  INDICATES NEGATIVE NUMBERS.
R  INDICATES RECORD WAS SET OR TIED.
MM INDICATES DATA IS MISSING.
T  INDICATES TRACE AMOUNT.




$$
