000
CDUS43 KMPX 070057
CLIMPX


CLIMATE REPORT
NATIONAL WEATHER SERVICE CHANHASSEN MN
756 PM CDT WED MAY 6 2015


...................................

...THE CHANHASSEN MN CLIMATE SUMMARY FOR MAY 6 2015...
VALID TODAY AS OF 0700 PM LOCAL TIME.

CLIMATE NORMAL PERIOD 1981 TO 2010
CLIMATE RECORD PERIOD 1995 TO 2015


WEATHER ITEM   OBSERVED TIME   RECORD YEAR NORMAL DEPARTURE LAST
                VALUE   (LST)  VALUE       VALUE  FROM      YEAR
                                                  NORMAL
..................................................................
TEMPERATURE (F)
 TODAY
  MAXIMUM         74        MM  MM      MM  66      8       64
  MINIMUM         54        MM  MM          44     10       46
  AVERAGE         64                        55      9       55

PRECIPITATION (IN)
  TODAY            0.08         MM      MM   0.12  -0.04     0.00
  MONTH TO DATE    0.60                      0.69  -0.09     0.03
  SINCE MAR 1      3.60                      5.47  -1.87     7.77
  SINCE JAN 1      4.36                      7.28  -2.92    10.68

SNOWFALL (IN)
  TODAY            0.0          MM      MM   0.0    0.0      0.0
  MONTH TO DATE    T                         0.2   -0.2      0.0
  SINCE MAR 1      9.3                      14.4   -5.1     14.2
  SINCE JUL 1     33.4                      54.1  -20.7     69.5
  SNOW DEPTH       0

DEGREE DAYS
 HEATING
  TODAY            1                        10     -9       10
  MONTH TO DATE   23                        67    -44       89
  SINCE MAR 1   1499                      1671   -172     2065
  SINCE JUL 1   7757                      7686     71     8948

 COOLING
  TODAY            0                         0      0        0
  MONTH TO DATE    1                         0      1        0
  SINCE MAR 1      1                         3     -2        0
  SINCE JAN 1      1                         3     -2        0
..................................................................


WIND (MPH)
  HIGHEST WIND SPEED    MM   HIGHEST WIND DIRECTION    MM
  HIGHEST GUST SPEED    MM   HIGHEST GUST DIRECTION    MM
  AVERAGE WIND SPEED    MM


SKY COVER
  POSSIBLE SUNSHINE  MM
  AVERAGE SKY COVER  MM


WEATHER CONDITIONS
 THE FOLLOWING WEATHER WAS RECORDED TODAY.
  NO SIGNIFICANT WEATHER WAS OBSERVED.


RELATIVE HUMIDITY (PERCENT)
 HIGHEST    MM
 LOWEST     MM
 AVERAGE    MM

..........................................................


THE CHANHASSEN MN CLIMATE NORMALS FOR TOMORROW
                         NORMAL    RECORD    YEAR
 MAXIMUM TEMPERATURE (F)   66        MM        MM
 MINIMUM TEMPERATURE (F)   45        MM        MM


SUNRISE AND SUNSET
MAY  6 2015...........SUNRISE   557 AM CDT   SUNSET   825 PM CDT
MAY  7 2015...........SUNRISE   556 AM CDT   SUNSET   827 PM CDT


-  INDICATES NEGATIVE NUMBERS.
R  INDICATES RECORD WAS SET OR TIED.
MM INDICATES DATA IS MISSING.
T  INDICATES TRACE AMOUNT.




$$
