000
CDUS43 KMKX 210658
CLIMSN


CLIMATE REPORT
NATIONAL WEATHER SERVICE IN MILWAUKEE
158 AM CDT TUE APR 21 2015


...................................

...THE MADISON WI CLIMATE SUMMARY FOR APRIL 20 2015...

CLIMATE NORMAL PERIOD 1981 TO 2010
CLIMATE RECORD PERIOD 1871 TO 2015


WEATHER ITEM   OBSERVED TIME   RECORD YEAR NORMAL DEPARTURE LAST
                VALUE   (LST)  VALUE       VALUE  FROM      YEAR
                                                  NORMAL
..................................................................
TEMPERATURE (F)
 YESTERDAY
  MAXIMUM         50    538 AM  85    1987  59     -9       78
  MINIMUM         39    843 AM  21    1962  38      1       52
                                      1956
  AVERAGE         45                        48     -3       65

PRECIPITATION (IN)
  YESTERDAY        0.37          1.36 1973   0.12   0.25     0.01
  MONTH TO DATE    4.11                      2.25   1.86     3.36
  SINCE MAR 1      4.87                      4.45   0.42     4.62
  SINCE JAN 1      6.07                      7.13  -1.06     6.51

SNOWFALL (IN)
  YESTERDAY        0.0           2.7  1993   0.1   -0.1      0.0
  MONTH TO DATE    0.0                       2.2   -2.2      1.0
  SINCE MAR 1      4.2                       9.2   -5.0      9.2
  SINCE JUL 1     33.7                      50.3  -16.6     59.2
  SNOW DEPTH       0

DEGREE DAYS
 HEATING
  YESTERDAY       20                        17      3        0
  MONTH TO DATE  291                       411   -120      412
  SINCE MAR 1   1226                      1374   -148     1560
  SINCE JUL 1   6937                      6860     77     7672

 COOLING
  YESTERDAY        0                         0      0        0
  MONTH TO DATE    0                         0      0        0
  SINCE MAR 1      0                         0      0        0
  SINCE JAN 1      0                         0      0        0
..................................................................


WIND (MPH)
  HIGHEST WIND SPEED    21   HIGHEST WIND DIRECTION    NW (310)
  HIGHEST GUST SPEED    32   HIGHEST GUST DIRECTION    NW (300)
  AVERAGE WIND SPEED    10.8


SKY COVER
  POSSIBLE SUNSHINE  MM
  AVERAGE SKY COVER 1.0


WEATHER CONDITIONS
 THE FOLLOWING WEATHER WAS RECORDED YESTERDAY.
  RAIN
  LIGHT RAIN
  FOG


RELATIVE HUMIDITY (PERCENT)
 HIGHEST    93          1200 AM
 LOWEST     57           600 PM
 AVERAGE    75

..........................................................


THE MADISON WI CLIMATE NORMALS FOR TODAY
                         NORMAL    RECORD    YEAR
 MAXIMUM TEMPERATURE (F)   60        84      1980
 MINIMUM TEMPERATURE (F)   38        21      1981


SUNRISE AND SUNSET
APRIL 21 2015.........SUNRISE   606 AM CDT   SUNSET   747 PM CDT
APRIL 22 2015.........SUNRISE   605 AM CDT   SUNSET   748 PM CDT


-  INDICATES NEGATIVE NUMBERS.
R  INDICATES RECORD WAS SET OR TIED.
MM INDICATES DATA IS MISSING.
T  INDICATES TRACE AMOUNT.




$$
