000
CDUS45 KMSO 210741
CLIMSO


CLIMATE REPORT
NATIONAL WEATHER SERVICE MISSOULA, MT
140 AM MDT TUE APR 21 2015


...................................

...THE MISSOULA MT CLIMATE SUMMARY FOR APRIL 20 2015...

CLIMATE NORMAL PERIOD 1981 TO 2010
CLIMATE RECORD PERIOD 1893 TO 2015


WEATHER ITEM   OBSERVED TIME   RECORD YEAR NORMAL DEPARTURE LAST
                VALUE   (LST)  VALUE       VALUE  FROM      YEAR
                                                  NORMAL
..................................................................
TEMPERATURE (F)
 YESTERDAY
  MAXIMUM         71    414 PM  84    1980  60     11       59
  MINIMUM         28    546 AM  16    1927  33     -5       36
  AVERAGE         50                        46      4       48

PRECIPITATION (IN)
  YESTERDAY        0.00          0.60 1984   0.05  -0.05     0.00
  MONTH TO DATE    0.27                      0.81  -0.54     0.27
  SINCE OCT 1      8.28                      6.29   1.99     7.09
  SINCE JAN 1      2.97                      3.36  -0.39     5.38

SNOWFALL (IN)
  YESTERDAY        0.0
  MONTH TO DATE    0.6
  SINCE JAN 1     13.3
  SINCE JUL 1     33.9
  SNOW DEPTH       0

DEGREE DAYS
 HEATING
  YESTERDAY       15                        19     -4       17
  MONTH TO DATE  449                       409     40      419
  SINCE MAR 1   1169                      1223    -54     1287
  SINCE JUL 1   6161                      6592   -431     6797

 COOLING
  YESTERDAY        0                         0      0        0
  MONTH TO DATE    0                         0      0        0
  SINCE MAR 1      0                         0      0        0
  SINCE JAN 1      0                         0      0        0
..................................................................


WIND (MPH)
  HIGHEST WIND SPEED    13   HIGHEST WIND DIRECTION     N (350)
  HIGHEST GUST SPEED    19   HIGHEST GUST DIRECTION    NE (30)
  AVERAGE WIND SPEED     2.3


SKY COVER
  POSSIBLE SUNSHINE  MM
  AVERAGE SKY COVER 0.0


WEATHER CONDITIONS
 THE FOLLOWING WEATHER WAS RECORDED YESTERDAY.
  HAZE


RELATIVE HUMIDITY (PERCENT)
 HIGHEST    78           600 AM
 LOWEST     22           300 PM
 AVERAGE    50

..........................................................


THE MISSOULA MT CLIMATE NORMALS FOR TODAY
                         NORMAL    RECORD    YEAR
 MAXIMUM TEMPERATURE (F)   60        82      1934
 MINIMUM TEMPERATURE (F)   33        15      1951


SUNRISE AND SUNSET
APRIL 21 2015.........SUNRISE   638 AM MDT   SUNSET   833 PM MDT
APRIL 22 2015.........SUNRISE   636 AM MDT   SUNSET   834 PM MDT


-  INDICATES NEGATIVE NUMBERS.
R  INDICATES RECORD WAS SET OR TIED.
MM INDICATES DATA IS MISSING.
T  INDICATES TRACE AMOUNT.




$$
