000
CDUS45 KBOI 190930
CLIMYL


CLIMATE REPORT
NATIONAL WEATHER SERVICE BOISE ID
330 AM MDT SUN APR 19 2015


...................................

...THE MCCALL ID CLIMATE SUMMARY FOR APRIL 18 2015...

CLIMATE NORMAL PERIOD 1981 TO 2010
CLIMATE RECORD PERIOD 1930 TO 2015


WEATHER ITEM   OBSERVED TIME   RECORD YEAR NORMAL DEPARTURE LAST
                VALUE   (LST)  VALUE       VALUE  FROM      YEAR
                                                  NORMAL
..................................................................
TEMPERATURE (F)
 YESTERDAY
  MAXIMUM         61    342 PM  79    1994  49     12       50
  MINIMUM         33    613 AM  11    1982  26      7       28
  AVERAGE         47                        37     10       39

PRECIPITATION (IN)
  YESTERDAY        0.00          0.70 1965   0.05  -0.05      T
  MONTH TO DATE    0.58                      1.18  -0.60     0.50
  SINCE OCT 1     15.32                     13.03   2.29    15.52
  SINCE JAN 1      6.56                      6.85  -0.29    11.45

DEGREE DAYS
 HEATING
  YESTERDAY       18                        28    -10       26
  MONTH TO DATE  496                       540    -44      471
  SINCE MAR 1   1314                      1654   -340     1483
  SINCE JUL 1   6685                      8329  -1644     7477

 COOLING
  YESTERDAY        0                         0      0        0
  MONTH TO DATE    0                         0      0        0
  SINCE MAR 1      0                         0      0        0
  SINCE JAN 1      0                         0      0        0
..................................................................


WIND (MPH)
  HIGHEST WIND SPEED    20   HIGHEST WIND DIRECTION     N (340)
  HIGHEST GUST SPEED    26   HIGHEST GUST DIRECTION     N (360)
  AVERAGE WIND SPEED     9.0


SKY COVER
  AVERAGE SKY COVER 0.0


WEATHER CONDITIONS
 THE FOLLOWING WEATHER WAS RECORDED YESTERDAY.
  NO SIGNIFICANT WEATHER WAS OBSERVED.


RELATIVE HUMIDITY (PERCENT)
 HIGHEST    76           200 AM
 LOWEST     19          1200 PM
 AVERAGE    48

..........................................................


THE MCCALL ID CLIMATE NORMALS FOR TODAY
                         NORMAL    RECORD    YEAR
 MAXIMUM TEMPERATURE (F)   50        79      1994
 MINIMUM TEMPERATURE (F)   26        12      1982


SUNRISE AND SUNSET
APRIL 19 2015.........SUNRISE   653 AM MDT   SUNSET   835 PM MDT
APRIL 20 2015.........SUNRISE   652 AM MDT   SUNSET   836 PM MDT


-  INDICATES NEGATIVE NUMBERS.
R  INDICATES RECORD WAS SET OR TIED.
MM INDICATES DATA IS MISSING.
T  INDICATES TRACE AMOUNT.




$$
