000
CDUS44 KLIX 210720
CLINEW


CLIMATE REPORT
NATIONAL WEATHER SERVICE NEW ORLEANS
220 AM CDT TUE APR 21 2015


...................................

...THE NEW ORLEANS CLIMATE SUMMARY FOR APRIL 20 2015...

CLIMATE NORMAL PERIOD 1981 TO 2010
CLIMATE RECORD PERIOD 1946 TO 2015


WEATHER ITEM   OBSERVED TIME   RECORD YEAR NORMAL DEPARTURE LAST
                VALUE   (LST)  VALUE       VALUE  FROM      YEAR
                                                  NORMAL
..................................................................
TEMPERATURE (F)
 YESTERDAY
  MAXIMUM         80    148 PM  90    1987  79      1       82
  MINIMUM         66   1159 PM  46    1953  61      5       58
  AVERAGE         73                        70      3       70

PRECIPITATION (IN)
  YESTERDAY        0.00          3.88 1977   0.16  -0.16     0.00
  MONTH TO DATE    8.81                      3.04   5.77     2.17
  SINCE MAR 1     15.17                      7.59   7.58     7.42
  SINCE JAN 1     22.87                     18.04   4.83    16.45

SNOWFALL (IN)
  YESTERDAY        0.0
  MONTH TO DATE    0.0
  SINCE MAR 1      0.0
  SINCE JUL 1      0.0
  SNOW DEPTH       0

DEGREE DAYS
 HEATING
  YESTERDAY        0                         1     -1        0
  MONTH TO DATE    0                        30    -30       41
  SINCE MAR 1     70                       166    -96      228
  SINCE JUL 1   1274                      1275     -1     1581

 COOLING
  YESTERDAY        8                         6      2        5
  MONTH TO DATE  193                        88    105       65
  SINCE MAR 1    317                       151    166       86
  SINCE JAN 1    335                       188    147      110
..................................................................


WIND (MPH)
  HIGHEST WIND SPEED    17   HIGHEST WIND DIRECTION    NW (310)
  HIGHEST GUST SPEED    22   HIGHEST GUST DIRECTION    NW (310)
  AVERAGE WIND SPEED    10.0


SKY COVER
  POSSIBLE SUNSHINE  MM
  AVERAGE SKY COVER 0.8


WEATHER CONDITIONS
 THE FOLLOWING WEATHER WAS RECORDED YESTERDAY.
  NO SIGNIFICANT WEATHER WAS OBSERVED.


RELATIVE HUMIDITY (PERCENT)
 HIGHEST    90           100 AM
 LOWEST     46           400 PM
 AVERAGE    68

..........................................................


THE NEW ORLEANS CLIMATE NORMALS FOR TODAY
                         NORMAL    RECORD    YEAR
 MAXIMUM TEMPERATURE (F)   79        92      1987
 MINIMUM TEMPERATURE (F)   61        46      1953
                                             1950


SUNRISE AND SUNSET
APRIL 21 2015.........SUNRISE   628 AM CDT   SUNSET   732 PM CDT
APRIL 22 2015.........SUNRISE   627 AM CDT   SUNSET   732 PM CDT


-  INDICATES NEGATIVE NUMBERS.
R  INDICATES RECORD WAS SET OR TIED.
MM INDICATES DATA IS MISSING.
T  INDICATES TRACE AMOUNT.




$$
