000
CDUS46 KMTR 260828
CLINUQ


CLIMATE REPORT
NATIONAL WEATHER SERVICE SAN FRANCISCO BAY AREA
128 AM PDT SUN APR 26 2015


...................................

...THE MOFFETT FIELD CLIMATE SUMMARY FOR APRIL 25 2015...

CLIMATE NORMAL PERIOD 1981 TO 2010
CLIMATE RECORD PERIOD 1945 TO 2015


WEATHER ITEM   OBSERVED TIME   RECORD YEAR NORMAL DEPARTURE LAST
                VALUE   (LST)  VALUE       VALUE  FROM      YEAR
                                                  NORMAL
..................................................................
TEMPERATURE (F)
 YESTERDAY
  MAXIMUM         64    329 PM  88    2004  70     -6       60
  MINIMUM         52   1155 PM  38    1958  51      1       51
  AVERAGE         58                        60     -2       56

PRECIPITATION (IN)
  YESTERDAY        0.28          0.58 1994   0.03   0.25     0.28
  MONTH TO DATE    0.88                      0.85   0.03     0.86
  SINCE OCT 1     13.48                     13.77  -0.29     5.94
  SINCE JAN 1      3.49                      8.93  -5.44     5.18

DEGREE DAYS
 HEATING
  YESTERDAY        7                                         9
  MONTH TO DATE  147                                       115
  SINCE MAR 1    300                                       269
  SINCE JUL 1   1405                                      1727

 COOLING
  YESTERDAY        0                                         0
  MONTH TO DATE    1                                         8
  SINCE MAR 1      9                                        12
  SINCE JAN 1      9                                        12
..................................................................


WIND (MPH)
  RESULTANT WIND SPEED   5   RESULTANT WIND DIRECTION  NW (310)
  HIGHEST WIND SPEED    18   HIGHEST WIND DIRECTION     N (350)
  HIGHEST GUST SPEED    22   HIGHEST GUST DIRECTION     N (350)
  AVERAGE WIND SPEED     7.1


SKY COVER
  POSSIBLE SUNSHINE  MM
  AVERAGE SKY COVER 0.4


WEATHER CONDITIONS
 THE FOLLOWING WEATHER WAS RECORDED YESTERDAY.
  RAIN
  LIGHT RAIN
  FOG


RELATIVE HUMIDITY (PERCENT)
 HIGHEST    93           200 AM
 LOWEST     48           300 PM
 AVERAGE    71

..........................................................


THE MOFFETT FIELD CLIMATE NORMALS FOR TODAY
                         NORMAL    RECORD    YEAR
 MAXIMUM TEMPERATURE (F)   70        92      2004
 MINIMUM TEMPERATURE (F)   51        40      1958


SUNRISE AND SUNSET
APRIL 26 2015.........SUNRISE   619 AM PDT   SUNSET   753 PM PDT
APRIL 27 2015.........SUNRISE   618 AM PDT   SUNSET   754 PM PDT


-  INDICATES NEGATIVE NUMBERS.
R  INDICATES RECORD WAS SET OR TIED.
MM INDICATES DATA IS MISSING.
T  INDICATES TRACE AMOUNT.




$$
