000
CDUS45 KPSR 050810
CLINYL

CDUS45 KPSR DDHHMM
CLINYL

CLIMATE REPORT
NATIONAL WEATHER SERVICE PHOENIX AZ
109 AM MST TUE MAY 5 2015

...................................

...THE YUMA AZ CLIMATE SUMMARY FOR MAY 4 2015...

CLIMATE NORMAL PERIOD 1981 TO 2010
CLIMATE RECORD PERIOD 1876 TO 2015


WEATHER ITEM   OBSERVED TIME   RECORD YEAR NORMAL DEPARTURE LAST
                VALUE   (LST)  VALUE       VALUE  FROM      YEAR
                                                  NORMAL
..................................................................
TEMPERATURE (F)
 YESTERDAY
  MAXIMUM         89    258 PM 108    1947  92     -3      103
  MINIMUM         70   1159 PM  45    1899  65      5       70
  AVERAGE         80                        78      2       87

PRECIPITATION (IN)
  YESTERDAY        0.00          0.02 1890   0.00   0.00     0.00
  MONTH TO DATE    0.00                      0.01  -0.01     0.00
  SINCE OCT 1      0.95                      2.19  -1.24     1.18
  SINCE JAN 1      0.51                      1.25  -0.74     0.07

DEGREE DAYS
 HEATING
  YESTERDAY        0                         0      0        0
  MONTH TO DATE    0                         0      0        0
  SINCE MAR 1     23                        63    -40        9
  SINCE JUL 1     83                       686   -603      370

 COOLING
  YESTERDAY       15                        13      2       22
  MONTH TO DATE   73                        51     22       77
  SINCE MAR 1    652                       421    231      575
  SINCE JAN 1    763                       457    306      689
..................................................................


WIND (MPH)
  HIGHEST WIND SPEED    21   HIGHEST WIND DIRECTION    SW (210)
  HIGHEST GUST SPEED    26   HIGHEST GUST DIRECTION    SW (230)
  AVERAGE WIND SPEED    11.9


SKY COVER
  AVERAGE SKY COVER 0.4


WEATHER CONDITIONS
 THE FOLLOWING WEATHER WAS RECORDED YESTERDAY.
  THUNDERSTORM


RELATIVE HUMIDITY (PERCENT)
 HIGHEST    61
 LOWEST     27
 AVERAGE    44

..........................................................


THE YUMA AZ CLIMATE NORMALS FOR TODAY
                         NORMAL    RECORD    YEAR
 MAXIMUM TEMPERATURE (F)   92       109      1947
 MINIMUM TEMPERATURE (F)   65        47      1964


SUNRISE AND SUNSET
MAY  5 2015...........SUNRISE   548 AM MST   SUNSET   723 PM MST
MAY  6 2015...........SUNRISE   547 AM MST   SUNSET   724 PM MST


-  INDICATES NEGATIVE NUMBERS.
R  INDICATES RECORD WAS SET OR TIED.
MM INDICATES DATA IS MISSING.
T  INDICATES TRACE AMOUNT.

$$
