000
CDUS43 KGID 050640
CLIODX


CLIMATE REPORT
NATIONAL WEATHER SERVICE HASTINGS NE
140 AM CDT TUE MAY 5 2015


...................................

...THE ORD NE CLIMATE SUMMARY FOR MAY 4 2015...

CLIMATE NORMAL PERIOD 1981 TO 2010
CLIMATE RECORD PERIOD 1895 TO 2015


WEATHER ITEM   OBSERVED TIME   NORMAL DEPARTURE LAST
                VALUE   (LST)  VALUE  FROM      YEAR
                                      NORMAL
......................................................
TEMPERATURE (F)
 YESTERDAY
  MAXIMUM         66   1126 AM  68     -2       64
  MINIMUM         54   1159 PM  42     12       44
  AVERAGE         60            55      5       54

PRECIPITATION (IN)
  YESTERDAY        T             0.12  -0.12     0.00
  MONTH TO DATE    T             0.48  -0.48     0.00
  SINCE MAR 1      2.74          4.52  -1.78     1.46
  SINCE JAN 1      3.48          5.33  -1.85     1.71

DEGREE DAYS
 HEATING
  YESTERDAY        5            10     -5       11
  MONTH TO DATE    7            43    -36       55
  SINCE MAR 1   1156          1379   -223     1501
  SINCE JUL 1   6288          6396   -108     6654

 COOLING
  YESTERDAY        0             0      0        0
  MONTH TO DATE    2             0      2        0
  SINCE MAR 1      6             2      4        1
  SINCE JAN 1      6             2      4        1
......................................................


WIND (MPH)
  HIGHEST WIND SPEED    21   HIGHEST WIND DIRECTION     E (80)
  HIGHEST GUST SPEED    27   HIGHEST GUST DIRECTION    NE (40)
  AVERAGE WIND SPEED    10.2


SKY COVER
  AVERAGE SKY COVER 0.8


WEATHER CONDITIONS
 THE FOLLOWING WEATHER WAS RECORDED YESTERDAY.
  LIGHT RAIN


RELATIVE HUMIDITY (PERCENT)
 HIGHEST    89          1100 PM
 LOWEST     26          1200 PM
 AVERAGE    58

..........................................................


THE ORD NE CLIMATE NORMALS FOR TODAY
                         NORMAL
 MAXIMUM TEMPERATURE (F)   68
 MINIMUM TEMPERATURE (F)   43


SUNRISE AND SUNSET
MAY  5 2015...........SUNRISE   628 AM CDT   SUNSET   838 PM CDT
MAY  6 2015...........SUNRISE   627 AM CDT   SUNSET   839 PM CDT


-  INDICATES NEGATIVE NUMBERS.
R  INDICATES RECORD WAS SET OR TIED.
MM INDICATES DATA IS MISSING.
T  INDICATES TRACE AMOUNT.




$$
