000
CDUS43 KOAX 210630
CLIOFK


CLIMATE REPORT
NATIONAL WEATHER SERVICE OMAHA NEBRASKA
129 AM CDT TUE APR 21 2015


...................................

...THE NORFOLK, NEBRASKA CLIMATE SUMMARY FOR APRIL 20 2015...

CLIMATE NORMAL PERIOD 1981 TO 2010
CLIMATE RECORD PERIOD 1888 TO 2015


WEATHER ITEM   OBSERVED TIME   RECORD YEAR NORMAL DEPARTURE LAST
                VALUE   (LST)  VALUE       VALUE  FROM      YEAR
                                                  NORMAL
..................................................................
TEMPERATURE (F)
 YESTERDAY
  MAXIMUM         57    437 PM  91    1989  64     -7       82
                                      1980
  MINIMUM         37    618 AM  22    1953  39     -2       50
                                      1943
  AVERAGE         47                        51     -4       66

PRECIPITATION (IN)
  YESTERDAY        0.00          2.07 1905   0.10  -0.10     0.09
  MONTH TO DATE    1.91                      1.66   0.25     1.55
  SINCE MAR 1      2.73                      3.43  -0.70     1.92
  SINCE JAN 1      3.61                      4.78  -1.17     2.48

SNOWFALL (IN)
  YESTERDAY        0.0                       0.1   -0.1      0.0
  MONTH TO DATE    0.2                       2.1   -1.9      4.5
  SINCE JUL 1     20.7                      30.0   -9.3     19.9
  SNOW DEPTH      MM

DEGREE DAYS
 HEATING
  YESTERDAY       18                        14      4        0
  MONTH TO DATE  242                       351   -109      348
  SINCE MAR 1    925                      1207   -282     1292
  SINCE JUL 1   5971                      6300   -329     6642

 COOLING
  YESTERDAY        0                         1     -1        1
  MONTH TO DATE    5                         2      3        1
  SINCE MAR 1      5                         2      3        1
  SINCE JAN 1      5                         2      3        1
..................................................................


WIND (MPH)
  HIGHEST WIND SPEED    38   HIGHEST WIND DIRECTION    NW (320)
  HIGHEST GUST SPEED    49   HIGHEST GUST DIRECTION    NW (320)
  AVERAGE WIND SPEED    18.8


SKY COVER
  POSSIBLE SUNSHINE  MM
  AVERAGE SKY COVER 0.4


WEATHER CONDITIONS
 THE FOLLOWING WEATHER WAS RECORDED YESTERDAY.
  NO SIGNIFICANT WEATHER WAS OBSERVED.


RELATIVE HUMIDITY (PERCENT)
 HIGHEST    43          1100 PM
 LOWEST     20           200 PM
 AVERAGE    32

..........................................................


THE NORFOLK, NEBRASKA CLIMATE NORMALS FOR TODAY
                         NORMAL    RECORD    YEAR
 MAXIMUM TEMPERATURE (F)   64        95      1980
 MINIMUM TEMPERATURE (F)   40        21      1927


SUNRISE AND SUNSET
APRIL 21 2015.........SUNRISE   640 AM CDT   SUNSET   817 PM CDT
APRIL 22 2015.........SUNRISE   639 AM CDT   SUNSET   818 PM CDT


-  INDICATES NEGATIVE NUMBERS.
R  INDICATES RECORD WAS SET OR TIED.
MM INDICATES DATA IS MISSING.
T  INDICATES TRACE AMOUNT.




$$
