000
CDHW42 PHFO 190236
CLIOGG


CLIMATE REPORT
NATIONAL WEATHER SERVICE HONOLULU HI
436 PM HST SAT APR 18 2015


...................................

...THE KAHULUI HI CLIMATE SUMMARY FOR APRIL 18 2015...
VALID TODAY AS OF 0400 PM LOCAL TIME.

CLIMATE NORMAL PERIOD 1981 TO 2010
CLIMATE RECORD PERIOD 1946 TO 2015


WEATHER ITEM   OBSERVED TIME   RECORD YEAR NORMAL DEPARTURE LAST
                VALUE   (LST)  VALUE       VALUE  FROM      YEAR
                                                  NORMAL
..................................................................
TEMPERATURE (F)
 TODAY
  MAXIMUM         84    227 PM  89    1951  83      1       85
  MINIMUM         71    601 AM  60    1973  66      5       72
  AVERAGE         78                        74      4       79

PRECIPITATION (IN)
  TODAY            0.00          0.27 1979   0.05  -0.05     0.07
  MONTH TO DATE    0.07                      1.08  -1.01     1.72
  SINCE MAR 1      9.68                      3.53   6.15     5.47
  SINCE JAN 1     13.99                      8.29   5.70    12.12

SNOWFALL (IN)
  TODAY            0.0
  MONTH TO DATE    0.0
  SINCE MAR 1      0.0
  SINCE JUL 1      0.0
  SNOW DEPTH       0

DEGREE DAYS
 HEATING
  TODAY            0                         0      0        0
  MONTH TO DATE    0                         0      0        0
  SINCE MAR 1      0                         0      0        0
  SINCE JUL 1      0                         0      0        0

 COOLING
  TODAY           13                         9      4       14
  MONTH TO DATE  210                       162     48      180
  SINCE MAR 1    436                       407     29      473
  SINCE JAN 1    840                       816     24      984
..................................................................


WIND (MPH)
  HIGHEST WIND SPEED    29   HIGHEST WIND DIRECTION    NE (60)
  HIGHEST GUST SPEED    39   HIGHEST GUST DIRECTION     E (70)
  AVERAGE WIND SPEED    16.2


SKY COVER
  POSSIBLE SUNSHINE  MM
  AVERAGE SKY COVER 0.2


WEATHER CONDITIONS
 THE FOLLOWING WEATHER WAS RECORDED TODAY.
  NO SIGNIFICANT WEATHER WAS OBSERVED.


RELATIVE HUMIDITY (PERCENT)
 HIGHEST    79           100 AM
 LOWEST     47          1200 PM
 AVERAGE    63

..........................................................


THE KAHULUI HI CLIMATE NORMALS FOR TOMORROW
                         NORMAL    RECORD    YEAR
 MAXIMUM TEMPERATURE (F)   83        90      1953
 MINIMUM TEMPERATURE (F)   66        55      1952


SUNRISE AND SUNSET
APRIL 18 2015.........SUNRISE   605 AM HST   SUNSET   646 PM HST
APRIL 19 2015.........SUNRISE   604 AM HST   SUNSET   646 PM HST


-  INDICATES NEGATIVE NUMBERS.
R  INDICATES RECORD WAS SET OR TIED.
MM INDICATES DATA IS MISSING.
T  INDICATES TRACE AMOUNT.




$$
