000
CDUS43 KOAX 252210
CLIOMA


CLIMATE REPORT
NATIONAL WEATHER SERVICE OMAHA NEBRASKA
503 PM CDT SAT APR 25 2015


...................................

...THE OMAHA EPPLEY, NEBRASKA CLIMATE SUMMARY FOR APRIL 25 2015...
VALID TODAY AS OF 400 PM LOCAL TIME.

CLIMATE NORMAL PERIOD 1981 TO 2010
CLIMATE RECORD PERIOD 1871 TO 2015


WEATHER ITEM   OBSERVED TIME   RECORD YEAR NORMAL DEPARTURE LAST
                VALUE   (LST)  VALUE       VALUE  FROM      YEAR
                                                  NORMAL
..................................................................
TEMPERATURE (F)
 TODAY
  MAXIMUM         57    105 AM  91    2012  67    -10       82
                                      1954
  MINIMUM         48   1216 PM  27    1873  44      4       42
  AVERAGE         53                        55     -2       62

PRECIPITATION (IN)
  TODAY            0.54          1.48 1957   0.11   0.43     0.00
  MONTH TO DATE    3.67                      2.35   1.32     1.99
  SINCE MAR 1      4.21                      4.34  -0.13     2.20
  SINCE JAN 1      5.35                      5.91  -0.56     3.06

SNOWFALL (IN)
  TODAY            0.0                       0.0    0.0      0.0
  MONTH TO DATE    T                         0.9   -0.9      0.6
  SINCE JUL 1     13.8                      26.3  -12.5     17.8
  SNOW DEPTH       0

DEGREE DAYS
 HEATING
  TODAY           12                        10      2        3
  MONTH TO DATE  272                       365    -93      352
  SINCE MAR 1    924                      1156   -232     1231
  SINCE JUL 1   5635                      5954   -319     6336

 COOLING
  TODAY            0                         1     -1        0
  MONTH TO DATE    5                         9     -4       15
  SINCE MAR 1      5                        10     -5       15
  SINCE JAN 1      5                        10     -5       15
..................................................................


WIND (MPH)
  HIGHEST WIND SPEED    24   HIGHEST WIND DIRECTION     E (090)
  HIGHEST GUST SPEED    29   HIGHEST GUST DIRECTION     E (100)
  AVERAGE WIND SPEED    12.9


SKY COVER
  POSSIBLE SUNSHINE  MM
  AVERAGE SKY COVER 0.9


WEATHER CONDITIONS
 THE FOLLOWING WEATHER WAS RECORDED TODAY.
  THUNDERSTORM
  RAIN
  LIGHT RAIN
  FOG


RELATIVE HUMIDITY (PERCENT)
 HIGHEST    96           500 AM
 LOWEST     77           300 PM
 AVERAGE    87

..........................................................


THE OMAHA EPPLEY, NEBRASKA CLIMATE NORMALS FOR TOMORROW
                         NORMAL    RECORD    YEAR
 MAXIMUM TEMPERATURE (F)   67        94      1989
 MINIMUM TEMPERATURE (F)   44        29      1931


SUNRISE AND SUNSET
APRIL 25 2015.........SUNRISE   630 AM CDT   SUNSET   814 PM CDT
APRIL 26 2015.........SUNRISE   628 AM CDT   SUNSET   815 PM CDT


-  INDICATES NEGATIVE NUMBERS.
R  INDICATES RECORD WAS SET OR TIED.
MM INDICATES DATA IS MISSING.
T  INDICATES TRACE AMOUNT.




$$

KLISH
