000
CDUS41 KBOX 300549
CLIORH


CLIMATE REPORT
NATIONAL WEATHER SERVICE TAUNTON MA
145 AM EDT MON MAR 30 2015


...................................

...THE WORCESTER MA CLIMATE SUMMARY FOR MARCH 29 2015...

CLIMATE NORMAL PERIOD 1981 TO 2010
CLIMATE RECORD PERIOD 1892 TO 2015


WEATHER ITEM   OBSERVED TIME   RECORD YEAR NORMAL DEPARTURE LAST
                VALUE   (LST)  VALUE       VALUE  FROM      YEAR
                                                  NORMAL
..................................................................
TEMPERATURE (F)
 YESTERDAY
  MAXIMUM         39    449 PM  84    1946  48     -9       50
                                      1945
  MINIMUM         19    611 AM   0    1923  31    -12       36
  AVERAGE         29                        39    -10       43

PRECIPITATION (IN)
  YESTERDAY        0.00          1.67 2010   0.14  -0.14     1.04
  MONTH TO DATE    2.41                      3.92  -1.51     2.45
  SINCE MAR 1      2.41                      3.92  -1.51     2.45
  SINCE JAN 1     10.72                     10.64   0.08     9.63

SNOWFALL (IN)
  YESTERDAY        0.0          14.9  1984   0.3   -0.3      0.0
  MONTH TO DATE   10.6                      11.0   -0.4      3.4
  SINCE MAR 1     10.6                      11.0   -0.4      3.4
  SINCE JUL 1    119.2                      60.9   58.3     84.3
  SNOW DEPTH      MM

DEGREE DAYS
 HEATING
  YESTERDAY       36                        26     10       22
  MONTH TO DATE 1029                       888    141     1068
  SINCE MAR 1   1029                       888    141     1068
  SINCE JUL 1   6143                      5725    418     6122

 COOLING
  YESTERDAY        0                         0      0        0
  MONTH TO DATE    0                         0      0        0
  SINCE MAR 1      0                         0      0        0
  SINCE JAN 1      0                         0      0        0
..................................................................


WIND (MPH)
  RESULTANT WIND SPEED   7   RESULTANT WIND DIRECTION  NW (310)
  HIGHEST WIND SPEED    15   HIGHEST WIND DIRECTION     W (270)
  HIGHEST GUST SPEED    21   HIGHEST GUST DIRECTION     N (10)
  AVERAGE WIND SPEED     8.5


SKY COVER
  POSSIBLE SUNSHINE  MM
  AVERAGE SKY COVER 0.2


WEATHER CONDITIONS
 THE FOLLOWING WEATHER WAS RECORDED YESTERDAY.
  NO SIGNIFICANT WEATHER WAS OBSERVED.


RELATIVE HUMIDITY (PERCENT)
 HIGHEST    54          1200 AM
 LOWEST     21           200 PM
 AVERAGE    38

..........................................................


THE WORCESTER MA CLIMATE NORMALS FOR TODAY
                         NORMAL    RECORD    YEAR
 MAXIMUM TEMPERATURE (F)   48        80      1977
 MINIMUM TEMPERATURE (F)   31        14      1970


SUNRISE AND SUNSET
MARCH 30 2015.........SUNRISE   634 AM EDT   SUNSET   711 PM EDT
MARCH 31 2015.........SUNRISE   632 AM EDT   SUNSET   712 PM EDT


-  INDICATES NEGATIVE NUMBERS.
R  INDICATES RECORD WAS SET OR TIED.
MM INDICATES DATA IS MISSING.
T  INDICATES TRACE AMOUNT.




$$
