000
CDUS46 KMFR 260037
CLIOTH


CLIMATE REPORT
NATIONAL WEATHER SERVICE MEDFORD, OR
537 PM PDT SAT APR 25 2015


...................................

...THE NORTH BEND OR CLIMATE SUMMARY FOR APRIL 25 2015...
VALID TODAY AS OF 0500 PM LOCAL TIME.

CLIMATE NORMAL PERIOD 1981 TO 2010
CLIMATE RECORD PERIOD 1902 TO 2015


WEATHER ITEM   OBSERVED TIME   RECORD YEAR NORMAL DEPARTURE LAST
                VALUE   (LST)  VALUE       VALUE  FROM      YEAR
                                                  NORMAL
..................................................................
TEMPERATURE (F)
 TODAY
  MAXIMUM         57        MM  81    1924  56      1       55
  MINIMUM         46        MM  31    1918  44      2       43
  AVERAGE         52                        50      2       49

PRECIPITATION (IN)
  TODAY            0.28          0.64 2012   0.14   0.14     0.31
  MONTH TO DATE    3.06                      4.51  -1.45     3.31
  SINCE OCT 1     41.92                     56.21 -14.29    25.00
  SINCE JAN 1     18.62                     30.12 -11.50    19.38

SNOWFALL (IN)
  TODAY           MM                         0.0   MM       MM
  MONTH TO DATE   MM                         0.0   MM       MM
  SINCE JUL 1     MM                         0.4   MM        0.0
  SNOW DEPTH      MM

DEGREE DAYS
 HEATING
  TODAY           13                        15     -2       16
  MONTH TO DATE  395                       403     -8      350
  SINCE MAR 1    798                       941   -143      786
  SINCE JUL 1   2902                      4115  -1213     3583

 COOLING
  TODAY            0                         0      0        0
  MONTH TO DATE    0                         0      0        0
  SINCE MAR 1      0                         0      0        0
  SINCE JAN 1      0                         0      0        0
..................................................................


WIND (MPH)
  HIGHEST WIND SPEED    14   HIGHEST WIND DIRECTION     W (270)
  HIGHEST GUST SPEED    16   HIGHEST GUST DIRECTION     W (270)
  AVERAGE WIND SPEED     7.9


SKY COVER
  POSSIBLE SUNSHINE  MM
  AVERAGE SKY COVER 0.6


WEATHER CONDITIONS
 THE FOLLOWING WEATHER WAS RECORDED TODAY.
  NO SIGNIFICANT WEATHER WAS OBSERVED.


RELATIVE HUMIDITY (PERCENT)
 HIGHEST   100          1200 AM
 LOWEST     67           300 PM

..........................................................


THE NORTH BEND OR CLIMATE NORMALS FOR TOMORROW
                         NORMAL    RECORD    YEAR
 MAXIMUM TEMPERATURE (F)   57        74      1918
 MINIMUM TEMPERATURE (F)   44        33      1976


SUNRISE AND SUNSET
APRIL 25 2015.........SUNRISE   619 AM PDT   SUNSET   812 PM PDT
APRIL 26 2015.........SUNRISE   617 AM PDT   SUNSET   813 PM PDT


-  INDICATES NEGATIVE NUMBERS.
R  INDICATES RECORD WAS SET OR TIED.
MM INDICATES DATA IS MISSING.
T  INDICATES TRACE AMOUNT.




$$
