000
CDAK49 PAOT 211155
CLIOTZ

CLIMATE REPORT
NATIONAL WEATHER SERVICE KOTZEBUE, AK
355 AM AKDT TUE APR 21 2015

...................................
...THE KOTZEBUE WSO AP CLIMATE SUMMARY FOR APRIL 20 2015...

CLIMATE NORMAL PERIOD  1981 TO  2010
CLIMATE RECORD PERIOD  1897 TO  2015

WEATHER ITEM   OBSERVED TIME    RECORD YEAR NORMAL DEPARTURE LAST
               VALUE    (LST)   VALUE       VALUE  FROM      YEAR
                                                   NORMAL
...................................................................
TEMPERATURE
YESTERDAY
 MAXIMUM            35  0642 AM    42  1983     24      11     39
 MINIMUM            18  1137 PM   -18  1929      9       9     25
 AVERAGE            27                          16      11     32

PRECIPITATION
(INCHES)
 YESTERDAY           T           0.08  1937   0.02   -0.02   0.00
 MONTH TO DATE    0.50                        0.34    0.16   0.07
 SINCE MAR 1      1.03                        0.78    0.25   0.41
 SINCE JAN 1      1.88                        2.06   -0.18   1.13

SNOWFALL
(INCHES)
 YESTERDAY         0.0            4.0  1937    0.1    -0.1    0.0
 MONTH TO DATE     3.4                         3.6    -0.2    0.4
 SINCE MAR 1       8.9                         9.5    -0.6    7.2
 SINCE JUL 1      24.2                        57.1   -32.9   32.2
 SNOW DEPTH (IN)     7                                          1

DEGREE DAYS
 HEATING
  YESTERDAY         38                          49     -11     33
  MONTH TO DATE   1046                        1103     -57    993
  SINCE MAR 1     3123                        3090      33   2758
  SINCE JUL 1    11974                       13332   -1358  11709

 COOLING
  YESTERDAY          0                           0       0      0
  MONTH TO DATE      0                           0       0      0
  SINCE MAR 1        0                           0       0      0
  SINCE JAN 1        0                           0       0      0
...................................................................

WIND (MPH)
 HIGHEST WIND SPEED    30     HIGHEST WIND DIRECTION    160
 HIGHEST GUST SPEED    34     HIGHEST GUST DIRECTION    160
 AVERAGE WIND SPEED  15.0

SKY COVER
  POSSIBLE SUNSHINE    MM          AVERAGE SKY COVER     MM

WEATHER CONDITIONS
 THE FOLLOWING WEATHER WAS RECORDED YESTERDAY.
 RAIN


RELATIVE HUMIDITY
 HIGHEST RH     MM PERCENT       MM
 LOWEST  RH     MM PERCENT       MM
 AVERAGE RH     MM PERCENT       MM
...................................................................

THE KOTZEBUE CLIMATE NORMALS FOR TODAY
                           NORMAL    RECORD   YEAR
 MAXIMUM TEMPERATURE (F)     25        45     1931
 MINIMUM TEMPERATURE (F)      9       -22     1929

SUNRISE AND SUNSET
 APR 21 2015..........SUNRISE  6:41 AM      SUNSET 11:00 PM
 APR 22 2015..........SUNRISE  6:37 AM      SUNSET 11:04 PM

-  INDICATES NEGATIVE NUMBERS.
R  INDICATES RECORD HAS BEEN SET OR TIED.
MM INDICATES DATA IS MISSING.
T  INDICATES TRACE OF PRECIPITATION.

&&
-------------------------------------------------------------------

AMOUNT OF DAYLIGHT TODAY  (HOUR:MIN)........16 HOURS 19 MINUTES
GAIN SINCE YESTERDAY (HOUR:MIN:SEC).........+0:07:51

$$
TGH APR 15
