000
CDUS43 KDDC 211011
CLIP28


CLIMATE REPORT
NATIONAL WEATHER SERVICE DODGE CITY KS
510 AM CDT TUE APR 21 2015


...................................

...THE MEDICINE LODGE KS CLIMATE SUMMARY FOR APRIL 20 2015...

CLIMATE NORMAL PERIOD 1981 TO 2010
CLIMATE RECORD PERIOD 1893 TO 2015


WEATHER ITEM   OBSERVED TIME   RECORD YEAR NORMAL DEPARTURE LAST
                VALUE   (LST)  VALUE       VALUE  FROM      YEAR
                                                  NORMAL
..................................................................
TEMPERATURE (F)
 YESTERDAY
  MAXIMUM         66    326 PM  97    1925  70     -4       74
  MINIMUM         36    612 AM  28    1953  45     -9       58
  AVERAGE         51                        58     -7       66

PRECIPITATION (IN)
  YESTERDAY        0.00          2.35 2005   0.09  -0.09     0.34
  MONTH TO DATE    3.21                      1.46   1.75     0.55
  SINCE MAR 1      3.59                      3.72  -0.13     1.04
  SINCE JAN 1      4.90                      5.47  -0.57     1.99

SNOWFALL (IN)
  YESTERDAY        0.0          MM      MM   0.0             0.0
  MONTH TO DATE    0.0                       0.0             1.5
  SINCE MAR 1      0.3                       0.1             5.5
  SINCE JUL 1     13.2                       8.5            28.5
  SNOW DEPTH       0

DEGREE DAYS
 HEATING
  YESTERDAY       14                         8      6        0
  MONTH TO DATE  124                       223    -99      218
  SINCE MAR 1    584                       791   -207      942
  SINCE JUL 1   4158                      4320   -162     4893

 COOLING
  YESTERDAY        0                         1     -1        1
  MONTH TO DATE   25                        12     13       13
  SINCE MAR 1     25                        14     11       13
  SINCE JAN 1     25                        14     11       13
..................................................................


WIND (MPH)
  HIGHEST WIND SPEED    18   HIGHEST WIND DIRECTION    NW (320)
  HIGHEST GUST SPEED    25   HIGHEST GUST DIRECTION    NW (310)
  AVERAGE WIND SPEED     6.1




RELATIVE HUMIDITY (PERCENT)
 HIGHEST    92           600 AM
 LOWEST     25           100 PM
 AVERAGE    59

..........................................................


THE MEDICINE LODGE KS CLIMATE NORMALS FOR TODAY
                         NORMAL    RECORD    YEAR
 MAXIMUM TEMPERATURE (F)   70        95      1963
 MINIMUM TEMPERATURE (F)   46        23      1966


SUNRISE AND SUNSET
APRIL 21 2015.........SUNRISE   652 AM CDT   SUNSET   815 PM CDT
APRIL 22 2015.........SUNRISE   651 AM CDT   SUNSET   816 PM CDT


-  INDICATES NEGATIVE NUMBERS.
R  INDICATES RECORD WAS SET OR TIED.
MM INDICATES DATA IS MISSING.
T  INDICATES TRACE AMOUNT.




$$
