000
CDUS42 KMFL 050831
CLIPBI


CLIMATE REPORT
NATIONAL WEATHER SERVICE MIAMI, FL
431 AM EDT TUE MAY 5 2015


...................................

...THE WEST PALM BEACH CLIMATE SUMMARY FOR MAY 4 2015...

CLIMATE NORMAL PERIOD 1981 TO 2010
CLIMATE RECORD PERIOD 1888 TO 2015


WEATHER ITEM   OBSERVED TIME   RECORD YEAR NORMAL DEPARTURE LAST
                VALUE   (LST)  VALUE       VALUE  FROM      YEAR
                                                  NORMAL
..................................................................
TEMPERATURE (F)
 YESTERDAY
  MAXIMUM         80    223 PM  94    1915  84     -4       84
  MINIMUM         72    419 AM  48    1921  69      3       67
  AVERAGE         76                        76      0       76

PRECIPITATION (IN)
  YESTERDAY        T             2.66 1911   0.08  -0.08     0.00
  MONTH TO DATE    T                         0.33  -0.33     0.31
  SINCE NOV 1     15.89                     22.66  -6.77    22.35
  SINCE JAN 1     12.19                     14.53  -2.34    15.23

SNOWFALL (IN)
  YESTERDAY        0.0
  MONTH TO DATE    0.0
  SINCE MAR 1      0.0
  SINCE JUL 1      0.0
  SNOW DEPTH       0

DEGREE DAYS
 HEATING
  YESTERDAY        0                         0      0        0
  MONTH TO DATE    0                         0      0        0
  SINCE MAR 1      2                        28    -26        7
  SINCE JUL 1    126                       233   -107      122

 COOLING
  YESTERDAY       11                        11      0       11
  MONTH TO DATE   42                        44     -2       58
  SINCE MAR 1    829                       504    325      601
  SINCE JAN 1   1107                       739    368      947
..................................................................


WIND (MPH)
  HIGHEST WIND SPEED    21   HIGHEST WIND DIRECTION     E (70)
  HIGHEST GUST SPEED    27   HIGHEST GUST DIRECTION     E (90)
  AVERAGE WIND SPEED    14.8


SKY COVER
  AVERAGE SKY COVER 0.7


WEATHER CONDITIONS
 THE FOLLOWING WEATHER WAS RECORDED YESTERDAY.
  NO SIGNIFICANT WEATHER WAS OBSERVED.


RELATIVE HUMIDITY (PERCENT)
 HIGHEST    74
 LOWEST     45
 AVERAGE    60

..........................................................


THE WEST PALM BEACH CLIMATE NORMALS FOR TODAY
                         NORMAL    RECORD    YEAR
 MAXIMUM TEMPERATURE (F)   84        91      1951
                                             1946
 MINIMUM TEMPERATURE (F)   69        45      1921


SUNRISE AND SUNSET
MAY  5 2015...........SUNRISE   640 AM EDT   SUNSET   755 PM EDT
MAY  6 2015...........SUNRISE   639 AM EDT   SUNSET   756 PM EDT


-  INDICATES NEGATIVE NUMBERS.
R  INDICATES RECORD WAS SET OR TIED.
MM INDICATES DATA IS MISSING.
T  INDICATES TRACE AMOUNT.




$$
