000
CDUS43 KABR 192236
CLIPIR


CLIMATE REPORT
NATIONAL WEATHER SERVICE ABERDEEN SD
535 PM CDT SUN APR 19 2015


...................................

...THE PIERRE SD CLIMATE SUMMARY FOR APRIL 19 2015...
VALID TODAY AS OF 0500 PM LOCAL TIME.

CLIMATE NORMAL PERIOD 1981 TO 2010
CLIMATE RECORD PERIOD 1892 TO 2015


WEATHER ITEM   OBSERVED TIME   RECORD YEAR NORMAL DEPARTURE LAST
                VALUE   (LST)  VALUE       VALUE  FROM      YEAR
                                                  NORMAL
..................................................................
TEMPERATURE (F)
 TODAY
  MAXIMUM         54    159 PM  88    1961  62     -8       69
  MINIMUM         41    640 AM  17    1966  36      5       40
  AVERAGE         48                        48      0       55

PRECIPITATION (IN)
  TODAY            0.01          1.61 1971   0.06  -0.05     0.00
  MONTH TO DATE    0.24                      1.02  -0.78     0.07
  SINCE MAR 1      0.57                      2.25  -1.68     1.06
  SINCE JAN 1      0.92                      3.26  -2.34     1.63

SNOWFALL (IN)
  TODAY            0.0
  MONTH TO DATE    0.0
  SINCE OCT 1     27.1
  SINCE JUL 1     27.1
  SNOW DEPTH       0

DEGREE DAYS
 HEATING
  TODAY           17                        17      0       10
  MONTH TO DATE  308                       388    -80      448
  SINCE MAR 1   1054                      1335   -281     1521
  SINCE JUL 1   6563                      6833   -270     7516

 COOLING
  TODAY            0                         0      0        0
  MONTH TO DATE    0                         0      0        0
  SINCE MAR 1      5                         0      5        0
  SINCE JAN 1      5                         0      5        0
..................................................................


WIND (MPH)
  HIGHEST GUST SPEED    46   HIGHEST GUST DIRECTION    NW (310)




..........................................................


THE PIERRE SD CLIMATE NORMALS FOR TOMORROW
                         NORMAL    RECORD    YEAR
 MAXIMUM TEMPERATURE (F)   62        95      1980
 MINIMUM TEMPERATURE (F)   36        12      1966


SUNRISE AND SUNSET
APRIL 19 2015.........SUNRISE   651 AM CDT   SUNSET   830 PM CDT
APRIL 20 2015.........SUNRISE   649 AM CDT   SUNSET   832 PM CDT


-  INDICATES NEGATIVE NUMBERS.
R  INDICATES RECORD WAS SET OR TIED.
MM INDICATES DATA IS MISSING.
T  INDICATES TRACE AMOUNT.




$$
