000
CDUS46 KSGX 280016
CLIRAL


CLIMATE REPORT
NATIONAL WEATHER SERVICE SAN DIEGO, CA
516 PM PDT MON APR 27 2015


...................................

...THE RIVERSIDE MUNI AIRPORT CA CLIMATE SUMMARY FOR APRIL 27 2015...
VALID TODAY AS OF 0500 PM LOCAL TIME.

CLIMATE NORMAL PERIOD 1981 TO 2010
CLIMATE RECORD PERIOD 1893 TO 2015


WEATHER ITEM   OBSERVED TIME   RECORD YEAR NORMAL DEPARTURE LAST
                VALUE   (LST)  VALUE       VALUE  FROM      YEAR
                                                  NORMAL
..................................................................
TEMPERATURE (F)
 TODAY
  MAXIMUM         88    353 PM 101    2004  78     10       70
  MINIMUM         57    109 AM  38    1945  52      5       50
                                      1912
                                      1904
  AVERAGE         73                        65      8       60

PRECIPITATION (IN)
  TODAY            0.00          0.87 1960   0.03  -0.03     0.00
  MONTH TO DATE    0.37                      0.73  -0.36     0.36
  SINCE OCT 1      5.15                     11.53  -6.38     2.71
  SINCE JAN 1      1.92                      8.72  -6.80     1.72

SNOWFALL (IN)
  TODAY            0.0
  MONTH TO DATE    0.0
  SINCE MAR 1      0.0
  SINCE JUL 1      0.0
  SNOW DEPTH       0

DEGREE DAYS
 HEATING
  TODAY            0                         2     -2        5
  MONTH TO DATE   52                       101    -49       58
  SINCE MAR 1    107                       306   -199      133
  SINCE JUL 1    714                      1414   -700      795

 COOLING
  TODAY            8                         2      6        0
  MONTH TO DATE   42                        36      6       72
  SINCE MAR 1    171                        48    123      102
  SINCE JAN 1    195                        57    138      131
..................................................................


WIND (MPH)
  RESULTANT WIND SPEED   9   RESULTANT WIND DIRECTION   N (20)
  HIGHEST WIND SPEED    21   HIGHEST WIND DIRECTION     N (360)
  HIGHEST GUST SPEED    32   HIGHEST GUST DIRECTION     N (10)
  AVERAGE WIND SPEED    10.0


SKY COVER
  POSSIBLE SUNSHINE  MM
  AVERAGE SKY COVER 0.0


WEATHER CONDITIONS
 THE FOLLOWING WEATHER WAS RECORDED TODAY.
  NO SIGNIFICANT WEATHER WAS OBSERVED.


RELATIVE HUMIDITY (PERCENT)
 HIGHEST    67          1200 AM
 LOWEST      6           200 PM
 AVERAGE    37

..........................................................


THE RIVERSIDE MUNI AIRPORT CA CLIMATE NORMALS FOR TOMORROW
                         NORMAL    RECORD    YEAR
 MAXIMUM TEMPERATURE (F)   78       101      1921
 MINIMUM TEMPERATURE (F)   53        30      1894


SUNRISE AND SUNSET
APRIL 27 2015.........SUNRISE   605 AM PDT   SUNSET   730 PM PDT
APRIL 28 2015.........SUNRISE   604 AM PDT   SUNSET   731 PM PDT


-  INDICATES NEGATIVE NUMBERS.
R  INDICATES RECORD WAS SET OR TIED.
MM INDICATES DATA IS MISSING.
T  INDICATES TRACE AMOUNT.




$$
