000
CDUS43 KUNR 010836
CLIRAP


CLIMATE REPORT
NATIONAL WEATHER SERVICE RAPID CITY SD
233 AM MDT WED APR 1 2015


...................................

...THE RAPID CITY AIRPORT SD CLIMATE SUMMARY FOR MARCH 31 2015...

CLIMATE NORMAL PERIOD 1981 TO 2010
CLIMATE RECORD PERIOD 1942 TO 2015


WEATHER ITEM   OBSERVED TIME   RECORD YEAR NORMAL DEPARTURE LAST
                VALUE   (LST)  VALUE       VALUE  FROM      YEAR
                                                  NORMAL
..................................................................
TEMPERATURE (F)
 YESTERDAY
  MAXIMUM         81    249 PM  83    2012  53     28       38
  MINIMUM         34    557 AM  10    2009  27      7       15
                                      1972
  AVERAGE         58                        40     18       27

PRECIPITATION (IN)
  YESTERDAY        0.00          0.38 1958   0.04  -0.04     0.16
  MONTH TO DATE    0.10                      0.93  -0.83     1.09
  SINCE MAR 1      0.10                      0.93  -0.83     1.09
  SINCE JAN 1      0.53                      1.67  -1.14     1.58

SNOWFALL (IN)
  YESTERDAY        0.0           2.0  2008   0.3   -0.3      1.9
  MONTH TO DATE    1.2                       8.7   -7.5     14.4
  SINCE MAR 1      1.2                       8.7   -7.5     14.4
  SINCE JUL 1     36.2                      32.1    4.1     57.4
  SNOW DEPTH       0

DEGREE DAYS
 HEATING
  YESTERDAY        7                        25    -18       38
  MONTH TO DATE  702                       917   -215     1017
  SINCE MAR 1    702                       918   -216     1017
  SINCE JUL 1   5810                      6128   -318     6650

 COOLING
  YESTERDAY        0                         0      0        0
  MONTH TO DATE    0                         0      0        0
  SINCE MAR 1      0                         0      0        0
  SINCE JAN 1      0                         0      0        0
..................................................................


WIND (MPH)
  HIGHEST WIND SPEED    24   HIGHEST WIND DIRECTION     S (170)
  HIGHEST GUST SPEED    30   HIGHEST GUST DIRECTION     S (170)
  AVERAGE WIND SPEED     6.6


SKY COVER
  AVERAGE SKY COVER 0.0


WEATHER CONDITIONS
 THE FOLLOWING WEATHER WAS RECORDED YESTERDAY.
  NO SIGNIFICANT WEATHER WAS OBSERVED.


RELATIVE HUMIDITY (PERCENT)
 HIGHEST    70           600 AM
 LOWEST      9           200 PM
 AVERAGE    40

..........................................................


THE RAPID CITY AIRPORT SD CLIMATE NORMALS FOR TODAY
                         NORMAL    RECORD    YEAR
 MAXIMUM TEMPERATURE (F)   53        87      2012
 MINIMUM TEMPERATURE (F)   28         8      2009


SUNRISE AND SUNSET
APRIL  1 2015.........SUNRISE   634 AM MDT   SUNSET   719 PM MDT
APRIL  2 2015.........SUNRISE   632 AM MDT   SUNSET   720 PM MDT


-  INDICATES NEGATIVE NUMBERS.
R  INDICATES RECORD WAS SET OR TIED.
MM INDICATES DATA IS MISSING.
T  INDICATES TRACE AMOUNT.




$$
