000
CDUS46 KPDT 060832
CLIRDM

CLIMATE REPORT
NATIONAL WEATHER SERVICE PENDLETON OR
132 AM PDT WED MAY 6 2015


...................................

...THE REDMOND OR CLIMATE SUMMARY FOR MAY 5 2015...

CLIMATE NORMAL PERIOD 1981 TO 2010
CLIMATE RECORD PERIOD 1949 TO 2015


WEATHER ITEM   OBSERVED TIME   RECORD YEAR NORMAL DEPARTURE LAST
                VALUE   (LST)  VALUE       VALUE  FROM      YEAR
                                                  NORMAL
..................................................................
TEMPERATURE (F)
 YESTERDAY
  MAXIMUM         61    318 PM  89    1992  64     -3       59
  MINIMUM         26    504 AM  19    1978  33     -7       32
  AVERAGE         44                        49     -5       46

PRECIPITATION (IN)
  YESTERDAY        0.00          0.55 1956   0.03  -0.03      T
  MONTH TO DATE    0.00                      0.14  -0.14     0.09
  SINCE OCT 1      5.81                      5.91  -0.10     3.89
  SINCE JAN 1      1.53                      3.15  -1.62     3.18

DEGREE DAYS
 HEATING
  YESTERDAY       21                        17      4       19
  MONTH TO DATE   70                        86    -16       58
  SINCE MAR 1   1348                      1484   -136     1360
  SINCE JUL 1   5381                      6157   -776     6153

 COOLING
  YESTERDAY        0                         0      0        0
  MONTH TO DATE    0                         0      0        0
  SINCE MAR 1      0                         0      0        0
  SINCE JAN 1      0                         0      0        0
..................................................................


WIND (MPH)
  RESULTANT WIND SPEED   6   RESULTANT WIND DIRECTION  NW (320)
  HIGHEST WIND SPEED    22   HIGHEST WIND DIRECTION     W (290)
  HIGHEST GUST SPEED    27   HIGHEST GUST DIRECTION     W (290)
  AVERAGE WIND SPEED     8.7


SKY COVER
  POSSIBLE SUNSHINE  MM
  AVERAGE SKY COVER 0.1


WEATHER CONDITIONS
 THE FOLLOWING WEATHER WAS RECORDED YESTERDAY.
  NO SIGNIFICANT WEATHER WAS OBSERVED.


RELATIVE HUMIDITY (PERCENT)
 HIGHEST    92           300 AM
 LOWEST     24           100 PM
 AVERAGE    58

..........................................................


THE REDMOND OR CLIMATE NORMALS FOR TODAY
                         NORMAL    RECORD    YEAR
 MAXIMUM TEMPERATURE (F)   65        92      1992
 MINIMUM TEMPERATURE (F)   33        15      1965


SUNRISE AND SUNSET
MAY  6 2015...........SUNRISE   549 AM PDT   SUNSET   814 PM PDT
MAY  7 2015...........SUNRISE   548 AM PDT   SUNSET   815 PM PDT


-  INDICATES NEGATIVE NUMBERS.
R  INDICATES RECORD WAS SET OR TIED.
MM INDICATES DATA IS MISSING.
T  INDICATES TRACE AMOUNT.




$$
