000
CDUS42 KRAH 060531
CLIRDU

CLIMATE REPORT
NATIONAL WEATHER SERVICE RALEIGH NC
127 AM EDT WED MAY 6 2015


...................................

...THE RALEIGH-DURHAM INTL AIRPORT NC CLIMATE SUMMARY FOR MAY 5 2015...

CLIMATE NORMAL PERIOD 1981 TO 2010
CLIMATE RECORD PERIOD 1887 TO 2015


WEATHER ITEM   OBSERVED TIME   RECORD YEAR NORMAL DEPARTURE LAST
                VALUE   (LST)  VALUE       VALUE  FROM      YEAR
                                                  NORMAL
..................................................................
TEMPERATURE (F)
 YESTERDAY
  MAXIMUM         82    326 PM  92    1955  77      5       73
  MINIMUM         56    551 AM  35    1973  53      3       55
  AVERAGE         69                        65      4       64

PRECIPITATION (IN)
  YESTERDAY        0.00          1.58 2012   0.10  -0.10      T
  MONTH TO DATE    0.58                      0.45   0.13      T
  SINCE MAR 1      9.12                      7.48   1.64    10.29
  SINCE JAN 1     15.38                     14.21   1.17    15.25

DEGREE DAYS
 HEATING
  YESTERDAY        0                         3     -3        1
  MONTH TO DATE   16                        16      0        6
  SINCE MAR 1    583                       633    -50      756
  SINCE JUL 1   3480                      3205    275     3457

 COOLING
  YESTERDAY        4                         3      1        0
  MONTH TO DATE    7                        15     -8        7
  SINCE MAR 1     63                        75    -12       38
  SINCE JAN 1     63                        76    -13       38
..................................................................


WIND (MPH)
  HIGHEST WIND SPEED    16   HIGHEST WIND DIRECTION    SW (240)
  HIGHEST GUST SPEED    20   HIGHEST GUST DIRECTION    SW (230)
  AVERAGE WIND SPEED     7.3


SKY COVER
  POSSIBLE SUNSHINE  MM
  AVERAGE SKY COVER 0.3


WEATHER CONDITIONS
 THE FOLLOWING WEATHER WAS RECORDED YESTERDAY.
  NO SIGNIFICANT WEATHER WAS OBSERVED.


RELATIVE HUMIDITY (PERCENT)
 HIGHEST    93           600 AM
 LOWEST     42           500 PM
 AVERAGE    68

..........................................................


THE RALEIGH-DURHAM INTL AIRPORT NC CLIMATE NORMALS FOR TODAY
                         NORMAL    RECORD    YEAR
 MAXIMUM TEMPERATURE (F)   77        95      1950
 MINIMUM TEMPERATURE (F)   53        34      1973


SUNRISE AND SUNSET
MAY  6 2015...........SUNRISE   618 AM EDT   SUNSET   806 PM EDT
MAY  7 2015...........SUNRISE   617 AM EDT   SUNSET   807 PM EDT


-  INDICATES NEGATIVE NUMBERS.
R  INDICATES RECORD WAS SET OR TIED.
MM INDICATES DATA IS MISSING.
T  INDICATES TRACE AMOUNT.

&&

CLIMATE REPORT
NWS FORECAST OFFICE
NCSU CENTENNIAL CAMPUS RALEIGH, NC

MAXIMUM TEMPERATURE... 82

MINIMUM TEMPERATURE... 57

PRECIPITATION... 0.00

$$
