000
CDUS43 KGRB 182147
CLIRHI


CLIMATE REPORT
NATIONAL WEATHER SERVICE GREEN BAY
447 PM CDT SAT APR 18 2015


...................................

...THE RHINELANDER WI CLIMATE SUMMARY FOR APRIL 18 2015...
VALID TODAY AS OF 0400 PM LOCAL TIME.

CLIMATE NORMAL PERIOD 1981 TO 2010
CLIMATE RECORD PERIOD 1908 TO 2015


WEATHER ITEM   OBSERVED TIME   RECORD YEAR NORMAL DEPARTURE LAST
                VALUE   (LST)  VALUE       VALUE  FROM      YEAR
                                                  NORMAL
..................................................................
TEMPERATURE (F)
 TODAY
  MAXIMUM         64    246 PM  85    1987  55      9       42
  MINIMUM         40    548 AM  10    1926  31      9       17
  AVERAGE         52                        43      9       30

PRECIPITATION (IN)
  TODAY            0.00          3.05 2002   0.09  -0.09     0.00
  MONTH TO DATE    2.56                      1.45   1.11     3.00
  SINCE MAR 1      3.33                      3.02   0.31     3.76
  SINCE JAN 1      4.22                      5.06  -0.84     6.37

SNOWFALL (IN)
  TODAY            0.0           4.0  1928  MM     MM        0.0
  MONTH TO DATE   11.0                      MM     MM       25.7
  SINCE MAR 1     17.5                      MM     MM       35.3
  SINCE JUL 1     86.4                      MM     MM      107.8
  SNOW DEPTH       0

DEGREE DAYS
 HEATING
  TODAY           13                        22     -9       35
  MONTH TO DATE  402                       470    -68      604
  SINCE MAR 1   1532                      1643   -111     2043
  SINCE JUL 1   8873                      8265    608     9672

 COOLING
  TODAY            0                         0      0        0
  MONTH TO DATE    0                         0      0        0
  SINCE MAR 1      0                         0      0        0
  SINCE JAN 1      0                         0      0        0
..................................................................


WIND (MPH)
  HIGHEST WIND SPEED    20   HIGHEST WIND DIRECTION     E (110)
  HIGHEST GUST SPEED    26   HIGHEST GUST DIRECTION     E (100)
  AVERAGE WIND SPEED    10.0


SKY COVER
  POSSIBLE SUNSHINE  MM
  AVERAGE SKY COVER 0.0


WEATHER CONDITIONS
 THE FOLLOWING WEATHER WAS RECORDED TODAY.
  NO SIGNIFICANT WEATHER WAS OBSERVED.


RELATIVE HUMIDITY (PERCENT)
 HIGHEST    70           600 AM
 LOWEST     19           200 PM
 AVERAGE    45

..........................................................


THE RHINELANDER WI CLIMATE NORMALS FOR TOMORROW
                         NORMAL    RECORD    YEAR
 MAXIMUM TEMPERATURE (F)   56        79      1915
 MINIMUM TEMPERATURE (F)   31        14      1947


SUNRISE AND SUNSET
APRIL 18 2015.........SUNRISE   607 AM CDT   SUNSET   748 PM CDT
APRIL 19 2015.........SUNRISE   606 AM CDT   SUNSET   749 PM CDT


-  INDICATES NEGATIVE NUMBERS.
R  INDICATES RECORD WAS SET OR TIED.
MM INDICATES DATA IS MISSING.
T  INDICATES TRACE AMOUNT.




$$
