000
CDUS45 KABQ 170841
CLIROW


CLIMATE REPORT
NATIONAL WEATHER SERVICE ALBUQUERQUE NM
231 AM MDT FRI APR 17 2015


...................................

...THE ROSWELL NM CLIMATE SUMMARY FOR APRIL 16 2015...

CLIMATE NORMAL PERIOD 1981 TO 2010
CLIMATE RECORD PERIOD 1893 TO 2015


WEATHER ITEM   OBSERVED TIME   RECORD YEAR NORMAL DEPARTURE
                VALUE   (LST)  VALUE       VALUE  FROM
                                                  NORMAL
...............................................................
TEMPERATURE (F)
 YESTERDAY
  MAXIMUM         78    153 PM  95    1925  77      1
  MINIMUM         50    159 AM  27    1961  45      5
  AVERAGE         64                        61      3

PRECIPITATION (IN)
  YESTERDAY        0.00          3.48 1915   0.02  -0.02
  MONTH TO DATE    1.72                      0.26   1.46
  SINCE MAR 1      2.01                      0.77   1.24
  SINCE JAN 1      3.92                      1.57   2.35

SNOWFALL (IN)
  YESTERDAY        0.0
  MONTH TO DATE    0.0
  SINCE MAR 1      T
  SINCE JUL 1     16.2

DEGREE DAYS
 HEATING
  YESTERDAY        1                         5     -4
  MONTH TO DATE   63                       111    -48
  SINCE MAR 1    421                       498    -77
  SINCE JUL 1   3138                      3205    -67

 COOLING
  YESTERDAY        0                         1     -1
  MONTH TO DATE   13                        11      2
  SINCE MAR 1     16                        14      2
  SINCE JAN 1     16                        14      2
...............................................................


WIND (MPH)
  HIGHEST WIND SPEED    33   HIGHEST WIND DIRECTION    SW (240)
  HIGHEST GUST SPEED    40   HIGHEST GUST DIRECTION    SW (240)
  AVERAGE WIND SPEED    17.3


SKY COVER
  AVERAGE SKY COVER 0.2


WEATHER CONDITIONS
 THE FOLLOWING WEATHER WAS RECORDED YESTERDAY.
  NO SIGNIFICANT WEATHER WAS OBSERVED.


RELATIVE HUMIDITY (PERCENT)
 HIGHEST    71           100 AM
 LOWEST     12          1000 PM
 AVERAGE    42

..........................................................


THE ROSWELL NM CLIMATE NORMALS FOR TODAY
                         NORMAL    RECORD    YEAR
 MAXIMUM TEMPERATURE (F)   77        94      1948
 MINIMUM TEMPERATURE (F)   45        30      2009
                                             1924
                                             1901


SUNRISE AND SUNSET
APRIL 17 2015.........SUNRISE   626 AM MDT   SUNSET   730 PM MDT
APRIL 18 2015.........SUNRISE   625 AM MDT   SUNSET   731 PM MDT


-  INDICATES NEGATIVE NUMBERS.
R  INDICATES RECORD WAS SET OR TIED.
MM INDICATES DATA IS MISSING.
T  INDICATES TRACE AMOUNT.




$$
