000
CDUS45 KPIH 180731
CLIRXE


CLIMATE REPORT
NATIONAL WEATHER SERVICE POCATELLO ID
130 AM MDT SAT APR 18 2015


...................................

...THE REXBURG ID CLIMATE SUMMARY FOR APRIL 17 2015...

CLIMATE NORMAL PERIOD 1981 TO 2010
CLIMATE RECORD PERIOD 1998 TO 2015


WEATHER ITEM   OBSERVED TIME   RECORD YEAR NORMAL DEPARTURE LAST
                VALUE   (LST)  VALUE       VALUE  FROM      YEAR
                                                  NORMAL
..................................................................
TEMPERATURE (F)
 YESTERDAY
  MAXIMUM         68    414 PM  74    2001  57     11       64
  MINIMUM         27    601 AM  19    2013  32     -5       33
  AVERAGE         48                        44      4       49

PRECIPITATION (IN)
  YESTERDAY        0.00         MM      MM   0.05  -0.05     0.00
  MONTH TO DATE    0.25                      0.80  -0.55     0.20
  SINCE OCT 1      4.28                      6.64  -2.36     5.10
  SINCE JAN 1      1.51                      3.43  -1.92     3.24

SNOWFALL (IN)
  YESTERDAY       MM
  MONTH TO DATE   MM
  SINCE MAR 1     MM
  SINCE JUL 1     MM
  SNOW DEPTH      MM

DEGREE DAYS
 HEATING
  YESTERDAY       17                        21     -4       16
  MONTH TO DATE  404                       389     15      374
  SINCE MAR 1   1140                      1345   -205     1235
  SINCE JUL 1   6224                      7318  -1094     7050

 COOLING
  YESTERDAY        0                         0      0        0
  MONTH TO DATE    0                         0      0        0
  SINCE MAR 1      0                         0      0        0
  SINCE JAN 1      0                         0      0        0
..................................................................


WIND (MPH)
  HIGHEST WIND SPEED    14   HIGHEST WIND DIRECTION     S (180)
  HIGHEST GUST SPEED    17   HIGHEST GUST DIRECTION     S (190)
  AVERAGE WIND SPEED     3.6


SKY COVER
  POSSIBLE SUNSHINE  MM
  AVERAGE SKY COVER 0.0


WEATHER CONDITIONS
 THE FOLLOWING WEATHER WAS RECORDED YESTERDAY.
  NO SIGNIFICANT WEATHER WAS OBSERVED.


RELATIVE HUMIDITY (PERCENT)
 HIGHEST    78           400 AM
 LOWEST     10           300 PM
 AVERAGE    44

..........................................................


THE REXBURG ID CLIMATE NORMALS FOR TODAY
                         NORMAL    RECORD    YEAR
 MAXIMUM TEMPERATURE (F)   57        71      2001
 MINIMUM TEMPERATURE (F)   32        15      2013


SUNRISE AND SUNSET
APRIL 18 2015.........SUNRISE   640 AM MDT   SUNSET   814 PM MDT
APRIL 19 2015.........SUNRISE   638 AM MDT   SUNSET   816 PM MDT


-  INDICATES NEGATIVE NUMBERS.
R  INDICATES RECORD WAS SET OR TIED.
MM INDICATES DATA IS MISSING.
T  INDICATES TRACE AMOUNT.




$$
