000
CDUS46 KSGX 210017
CLISAN


CLIMATE REPORT
NATIONAL WEATHER SERVICE SAN DIEGO, CA
516 PM PDT MON APR 20 2015


...................................

...THE SAN DIEGO/LINDBERGH FIELD CA CLIMATE SUMMARY FOR APRIL 20 2015...
VALID TODAY AS OF 0500 PM LOCAL TIME.

CLIMATE NORMAL PERIOD 1981 TO 2010
CLIMATE RECORD PERIOD 1874 TO 2015


WEATHER ITEM   OBSERVED TIME   RECORD YEAR NORMAL DEPARTURE LAST
                VALUE   (LST)  VALUE       VALUE  FROM      YEAR
                                                  NORMAL
..................................................................
TEMPERATURE (F)
 TODAY
  MAXIMUM         68    206 PM  98    2009  68      0       69
                                      1958
  MINIMUM         61    610 AM  42    1896  56      5       61
  AVERAGE         65                        62      3       65

PRECIPITATION (IN)
  TODAY            0.00          1.42 1988   0.02  -0.02     0.00
  MONTH TO DATE    0.00                      0.60  -0.60     0.36
  SINCE OCT 1      6.50                      9.77  -3.27     4.84
  SINCE JAN 1      1.63                      6.66  -5.03     2.65

SNOWFALL (IN)
  TODAY            0.0
  MONTH TO DATE    0.0
  SINCE MAR 1      0.0
  SINCE JUL 1      0.0
  SNOW DEPTH       0

DEGREE DAYS
 HEATING
  TODAY            0                         3     -3        0
  MONTH TO DATE   14                        83    -69       31
  SINCE MAR 1     50                       261   -211       71
  SINCE JUL 1    396                      1119   -723      527

 COOLING
  TODAY            0                         1     -1        0
  MONTH TO DATE   30                         2     28       27
  SINCE MAR 1    123                         7    116       47
  SINCE JAN 1    145                        12    133       56
..................................................................


WIND (MPH)
  RESULTANT WIND SPEED   4   RESULTANT WIND DIRECTION   W (290)
  HIGHEST WIND SPEED    14   HIGHEST WIND DIRECTION     W (270)
  HIGHEST GUST SPEED    20   HIGHEST GUST DIRECTION     W (280)
  AVERAGE WIND SPEED     5.5


SKY COVER
  POSSIBLE SUNSHINE  MM
  AVERAGE SKY COVER 0.6


WEATHER CONDITIONS
 THE FOLLOWING WEATHER WAS RECORDED TODAY.
  NO SIGNIFICANT WEATHER WAS OBSERVED.


RELATIVE HUMIDITY (PERCENT)
 HIGHEST    72          1200 AM
 LOWEST     49           200 PM
 AVERAGE    61

..........................................................


THE SAN DIEGO/LINDBERGH FIELD CA CLIMATE NORMALS FOR TOMORROW
                         NORMAL    RECORD    YEAR
 MAXIMUM TEMPERATURE (F)   68        87      1987
 MINIMUM TEMPERATURE (F)   57        43      1896


SUNRISE AND SUNSET
APRIL 20 2015.........SUNRISE   613 AM PDT   SUNSET   722 PM PDT
APRIL 21 2015.........SUNRISE   612 AM PDT   SUNSET   723 PM PDT


-  INDICATES NEGATIVE NUMBERS.
R  INDICATES RECORD WAS SET OR TIED.
MM INDICATES DATA IS MISSING.
T  INDICATES TRACE AMOUNT.




$$
