000
CDUS44 KEWX 050828
CLISAT


CLIMATE REPORT
NATIONAL WEATHER SERVICE AUSTIN/SAN ANTONIO, TX
328 AM CDT TUE MAY 5 2015


...................................

...THE SAN ANTONIO CLIMATE SUMMARY FOR MAY 4 2015...

CLIMATE NORMAL PERIOD 1981 TO 2010
CLIMATE RECORD PERIOD 1886 TO 2015


WEATHER ITEM   OBSERVED TIME   RECORD YEAR NORMAL DEPARTURE LAST
                VALUE   (LST)  VALUE       VALUE  FROM      YEAR
                                                  NORMAL
..................................................................
TEMPERATURE (F)
 YESTERDAY
  MAXIMUM         83    228 PM  99    1984  84     -1       92
  MINIMUM         68    520 AM  42    2013  64      4       60
  AVERAGE         76                        74      2       76

PRECIPITATION (IN)
  YESTERDAY        T             2.81 1895   0.11  -0.11     0.00
  MONTH TO DATE    T                         0.43  -0.43     0.00
  SINCE MAR 1     10.51                      4.84   5.67     1.74
  SINCE JAN 1     14.71                      8.39   6.32     2.39

SNOWFALL (IN)
  YESTERDAY        0.0
  MONTH TO DATE    0.0
  SINCE MAR 1      0.0
  SINCE JUL 1      T
  SNOW DEPTH       0

DEGREE DAYS
 HEATING
  YESTERDAY        0                         0      0        0
  MONTH TO DATE    0                         0      0        0
  SINCE MAR 1    179                       193    -14      228
  SINCE JUL 1   1494                      1494      0     1562

 COOLING
  YESTERDAY       11                         9      2       11
  MONTH TO DATE   27                        35     -8       25
  SINCE MAR 1    298                       268     30      322
  SINCE JAN 1    311                       294     17      387
..................................................................


WIND (MPH)
  HIGHEST WIND SPEED    24   HIGHEST WIND DIRECTION    SE (140)
  HIGHEST GUST SPEED    29   HIGHEST GUST DIRECTION    SE (140)
  AVERAGE WIND SPEED    14.7


SKY COVER
  AVERAGE SKY COVER 0.9


WEATHER CONDITIONS
 THE FOLLOWING WEATHER WAS RECORDED YESTERDAY.
  LIGHT RAIN
  FOG
  HAZE


RELATIVE HUMIDITY (PERCENT)
 HIGHEST    84          1200 AM
 LOWEST     54           400 PM
 AVERAGE    69

..........................................................


THE SAN ANTONIO CLIMATE NORMALS FOR TODAY
                         NORMAL    RECORD    YEAR
 MAXIMUM TEMPERATURE (F)   85        99      1984
 MINIMUM TEMPERATURE (F)   64        45      1944


SUNRISE AND SUNSET
MAY  5 2015...........SUNRISE   649 AM CDT   SUNSET   813 PM CDT
MAY  6 2015...........SUNRISE   648 AM CDT   SUNSET   814 PM CDT


-  INDICATES NEGATIVE NUMBERS.
R  INDICATES RECORD WAS SET OR TIED.
MM INDICATES DATA IS MISSING.
T  INDICATES TRACE AMOUNT.




$$
