000
CDUS41 KAKQ 012127
CLISBY


CLIMATE REPORT
NATIONAL WEATHER SERVICE WAKEFIELD, VA
526 PM EDT WED APR 1 2015


...................................

...THE SALISBURY MD CLIMATE SUMMARY FOR APRIL 1 2015...
VALID TODAY AS OF 0500 PM LOCAL TIME.

CLIMATE NORMAL PERIOD 1981 TO 2010
CLIMATE RECORD PERIOD 1900 TO 2015


WEATHER ITEM   OBSERVED TIME   RECORD YEAR NORMAL DEPARTURE LAST
                VALUE   (LST)  VALUE       VALUE  FROM      YEAR
                                                  NORMAL
..................................................................
TEMPERATURE (F)
 TODAY
  MAXIMUM         56    252 PM  83    1978  60     -4       62
  MINIMUM         34    505 AM  15    1923  39     -5       33
  AVERAGE         45

PRECIPITATION (IN)
  TODAY            0.00          1.23 1948   0.14  -0.14     0.00
  MONTH TO DATE    0.00                      0.14  -0.14     0.00
  SINCE MAR 1      4.07                      4.56  -0.49     4.60
  SINCE JAN 1     11.79                     11.52   0.27    11.82

SNOWFALL (IN)
  TODAY            0.0
  MONTH TO DATE    0.0
  SINCE NOV 1     15.7
  SINCE JUL 1     15.7
  SNOW DEPTH       0

DEGREE DAYS
 HEATING
  TODAY           20
  MONTH TO DATE   20
  SINCE MAR 1    689
  SINCE JUL 1   3902

 COOLING
  TODAY            0
  MONTH TO DATE    0
  SINCE MAR 1      0
  SINCE JAN 1      0
..................................................................


WIND (MPH)
  RESULTANT WIND SPEED  10   RESULTANT WIND DIRECTION  NW (330)
  HIGHEST WIND SPEED    21   HIGHEST WIND DIRECTION     N (340)
  HIGHEST GUST SPEED    28   HIGHEST GUST DIRECTION    NW (330)


SKY COVER
  POSSIBLE SUNSHINE  MM
  AVERAGE SKY COVER 0.2


WEATHER CONDITIONS
 THE FOLLOWING WEATHER WAS RECORDED TODAY.
  NO SIGNIFICANT WEATHER WAS OBSERVED.


RELATIVE HUMIDITY (PERCENT)
 HIGHEST    82
 LOWEST     30
 AVERAGE    56

..........................................................


THE SALISBURY MD CLIMATE NORMALS FOR TOMORROW
                         NORMAL    RECORD    YEAR
 MAXIMUM TEMPERATURE (F)   61        85      1967
 MINIMUM TEMPERATURE (F)   39        21      1923


SUNRISE AND SUNSET
APRIL  1 2015.........SUNRISE   647 AM EDT   SUNSET   725 PM EDT
APRIL  2 2015.........SUNRISE   646 AM EDT   SUNSET   726 PM EDT


-  INDICATES NEGATIVE NUMBERS.
R  INDICATES RECORD WAS SET OR TIED.
MM INDICATES DATA IS MISSING.
T  INDICATES TRACE AMOUNT.




$$
