000
CDUS46 KSTO 190836
CLISCK


CLIMATE REPORT
NATIONAL WEATHER SERVICE SACRAMENTO, CA
135 AM PDT SUN APR 19 2015


...................................

...THE STOCKTON AIRPORT CA CLIMATE SUMMARY FOR APRIL 18 2015...

CLIMATE NORMAL PERIOD 1981 TO 2010
CLIMATE RECORD PERIOD 1948 TO 2015


WEATHER ITEM   OBSERVED TIME   RECORD YEAR NORMAL DEPARTURE LAST
                VALUE   (LST)  VALUE       VALUE  FROM      YEAR
                                                  NORMAL
..................................................................
TEMPERATURE (F)
 YESTERDAY
  MAXIMUM         87    420 PM  90    1954  73     14       79
  MINIMUM         48    522 AM  35    1975  46      2       55
  AVERAGE         68

PRECIPITATION (IN)
  YESTERDAY        0.00          0.77 1981   0.03  -0.03     0.00
  MONTH TO DATE    0.58                      0.66  -0.08     0.40
  SINCE OCT 1     10.05                     12.83  -2.78     6.80
  SINCE JAN 1      2.21                      8.10  -5.89     5.37

SNOWFALL (IN)
  YESTERDAY        0.0          MM      MM
  MONTH TO DATE    0.0
  SINCE MAR 1      0.0
  SINCE JUL 1      0.0
  SNOW DEPTH       0

DEGREE DAYS
 HEATING
  YESTERDAY        0                         6     -6        0
  MONTH TO DATE   97                       133    -36       69
  SINCE MAR 1    221                       457   -236      268
  SINCE JUL 1   1660                      2519   -859     2101

 COOLING
  YESTERDAY        3                         1      2        2
  MONTH TO DATE    5                         1      4       18
  SINCE MAR 1     22                         1     21       18
  SINCE JAN 1     22                         1     21       18
..................................................................


WIND (MPH)
  RESULTANT WIND SPEED   4   RESULTANT WIND DIRECTION  NW (310)
  HIGHEST WIND SPEED    12   HIGHEST WIND DIRECTION     W (290)
  HIGHEST GUST SPEED    14   HIGHEST GUST DIRECTION     W (290)


SKY COVER
  POSSIBLE SUNSHINE  MM
  AVERAGE SKY COVER 0.0


WEATHER CONDITIONS
 THE FOLLOWING WEATHER WAS RECORDED YESTERDAY.
  NO SIGNIFICANT WEATHER WAS OBSERVED.


RELATIVE HUMIDITY (PERCENT)
 HIGHEST    72          1100 PM
 LOWEST     18           400 PM
 AVERAGE    45

..........................................................


THE STOCKTON AIRPORT CA CLIMATE NORMALS FOR TODAY
                         NORMAL    RECORD    YEAR
 MAXIMUM TEMPERATURE (F)   74        92      2009
 MINIMUM TEMPERATURE (F)   46        37      1979
                                             1955


SUNRISE AND SUNSET
APRIL 19 2015.........SUNRISE   624 AM PDT   SUNSET   744 PM PDT
APRIL 20 2015.........SUNRISE   623 AM PDT   SUNSET   745 PM PDT


-  INDICATES NEGATIVE NUMBERS.
R  INDICATES RECORD WAS SET OR TIED.
MM INDICATES DATA IS MISSING.
T  INDICATES TRACE AMOUNT.




$$
