000
CDAK48 PASN 061208
CLISNP

CLIMATE REPORT
NATIONAL WEATHER SERVICE ST PAUL, AK
408 AM AKDT WED MAY 6 2015

...................................
...THE ST PAUL AIRPORT CLIMATE SUMMARY FOR MAY 5 2015...

CLIMATE NORMAL PERIOD  1981 TO  2010
CLIMATE RECORD PERIOD  1892 TO  2015

WEATHER ITEM   OBSERVED TIME    RECORD YEAR NORMAL DEPARTURE LAST
               VALUE    (LST)   VALUE       VALUE  FROM      YEAR
                                                   NORMAL
...................................................................
TEMPERATURE
YESTERDAY
 MAXIMUM            40  0748 PM    43  1996     38       2     36
 MINIMUM            32  1128 PM     8  1971     30       2     27
 AVERAGE            36                          34       2     32

PRECIPITATION
(INCHES)
 YESTERDAY        0.15           0.60  1985   0.04    0.11      T
 MONTH TO DATE    0.38                        0.18    0.20   0.12
 SINCE MAR 1      2.31                        2.33   -0.02   2.22
 SINCE JAN 1      4.63                        5.21   -0.58   6.55

SNOWFALL
(INCHES)
 YESTERDAY         0.0            1.7  1987    0.1    -0.1      T
 MONTH TO DATE       T                         0.4    -0.4      T
 SINCE MAR 1      18.6                        14.1     4.5    9.4
 SINCE JUL 1      48.3                        59.1   -10.8   43.7
 SNOW DEPTH (IN)     0                                          0

DEGREE DAYS
 HEATING
  YESTERDAY         29                          31      -2     33
  MONTH TO DATE    142                         157     -15    145
  SINCE MAR 1     2371                        2465     -94   2317
  SINCE JUL 1     8328                        9384   -1056   8763

 COOLING
  YESTERDAY          0                           0       0      0
  MONTH TO DATE      0                           0       0      0
  SINCE MAR 1        0                           0       0      0
  SINCE JAN 1        0                           0       0      0
...................................................................

WIND (MPH)
 HIGHEST WIND SPEED    18     HIGHEST WIND DIRECTION     70
 HIGHEST GUST SPEED    23     HIGHEST GUST DIRECTION     70
 AVERAGE WIND SPEED  11.8

SKY COVER
  POSSIBLE SUNSHINE    MM          AVERAGE SKY COVER     MM

WEATHER CONDITIONS
 THE FOLLOWING WEATHER WAS RECORDED YESTERDAY.
  FOG
  DRIZZLE
  RAIN


RELATIVE HUMIDITY
 HIGHEST RH     MM PERCENT       MM
 LOWEST  RH     MM PERCENT       MM
 AVERAGE RH     MM PERCENT       MM
...................................................................

THE ST PAUL CLIMATE NORMALS FOR TODAY
                           NORMAL    RECORD   YEAR
 MAXIMUM TEMPERATURE (F)     38        45     1996
 MINIMUM TEMPERATURE (F)     30        12     1971

SUNRISE AND SUNSET
 MAY 6 2015..........SUNRISE  7:21 AM      SUNSET 11:16 PM
 MAY 7 2015..........SUNRISE  7:19 AM      SUNSET 11:19 PM

-  INDICATES NEGATIVE NUMBERS.
R  INDICATES RECORD HAS BEEN SET OR TIED.
MM INDICATES DATA IS MISSING.
T  INDICATES TRACE OF PRECIPITATION.

&&
-------------------------------------------------------------------

AMOUNT OF DAYLIGHT TODAY  (HOUR:MIN)........15 HOURS 55 MINUTES
GAIN/LOSS SINCE YESTERDAY (HOUR:MIN:SEC)....+0:04:21

$$
SAH MAY 15
