000
CDAK48 PASN 012313
CLISNP

CLIMATE REPORT
NATIONAL WEATHER SERVICE ST PAUL, AK
313 PM AKDT WED APR 1 2015

...................................
...THE ST PAUL AIRPORT CLIMATE SUMMARY FOR APRIL 1 2015...
VALID TODAY AS OF 2:00 PM LOCAL TIME

CLIMATE NORMAL PERIOD  1981 TO  2010
CLIMATE RECORD PERIOD  1892 TO  2015

WEATHER ITEM   OBSERVED TIME    RECORD YEAR NORMAL DEPARTURE LAST
               VALUE    (LST)   VALUE       VALUE  FROM      YEAR
                                                   NORMAL
...................................................................
TEMPERATURE
TODAY
 MAXIMUM            19  1259 PM    41  1979     31     -12     39
 MINIMUM            15  0825 AM    -2  2010     22      -7     33
 AVERAGE            17                          26      -9     36

PRECIPITATION
(INCHES)
 TODAY            0.01           0.57  1979   0.04   -0.03      T
 MONTH TO DATE    0.01                        0.04   -0.03      T
 SINCE MAR 1      0.69                        1.11   -0.42   1.20
 SINCE JAN 1      3.01                        3.99   -0.98   5.53

SNOWFALL
(INCHES)
 TODAY               T            3.3  2005    0.3    -0.3    0.0
 MONTH TO DATE       T                         0.3    -0.3    0.0
 SINCE MAR 1       9.4                         8.3     1.1    8.4
 SINCE JUL 1      39.1                        53.3   -14.2   42.7
 SNOW DEPTH (IN)     5                                          1

DEGREE DAYS
 HEATING
  TODAY             48                          39       9     29
  MONTH TO DATE     48                          39       9     29
  SINCE MAR 1     1223                        1276     -53   1275
  SINCE JUL 1     7180                        8195   -1015   7721

 COOLING
  TODAY              0                           0       0      0
  MONTH TO DATE      0                           0       0      0
  SINCE MAR 1        0                           0       0      0
  SINCE JAN 1        0                           0       0      0
...................................................................

WIND (MPH)
 HIGHEST WIND SPEED    18     HIGHEST WIND DIRECTION    350
 HIGHEST GUST SPEED    23     HIGHEST GUST DIRECTION    340
 AVERAGE WIND SPEED    MM

SKY COVER
  POSSIBLE SUNSHINE  MM            AVERAGE SKY COVER MM

WEATHER CONDITIONS
 THE FOLLOWING WEATHER WAS RECORDED TODAY.
  SNOW


RELATIVE HUMIDITY
 HIGHEST RH     MM PERCENT       MM
 LOWEST  RH     MM PERCENT       MM
 AVERAGE RH     MM PERCENT       MM
...................................................................

THE ST PAUL CLIMATE NORMALS FOR TOMORROW
                        NORMAL    RECORD   YEAR
 MAXIMUM TEMPERATURE      31        42     2003
 MINIMUM TEMPERATURE      22         0     2012

SUNRISE AND SUNSET
 APR 1 2015..........SUNRISE  8:50 AM      SUNSET 10:01 PM
 APR 2 2015..........SUNRISE  8:48 AM      SUNSET 10:04 PM

-  INDICATES NEGATIVE NUMBERS.
R  INDICATES RECORD HAS BEEN SET OR TIED.
MM INDICATES DATA IS MISSING.
T  INDICATES TRACE OF PRECIPITATION.

&&
-------------------------------------------------------------------

AMOUNT OF DAYLIGHT TODAY  (HOUR:MIN)........13 HOURS 11 MINUTES
GAIN/LOSS SINCE YESTERDAY (HOUR:MIN:SEC)....+0:04:52

$$
SAH APR 15
