000
CDUS45 KCYS 190729
CLISNY


CLIMATE REPORT
NATIONAL WEATHER SERVICE CHEYENNE WY
128 AM MDT SUN APR 19 2015


...................................

...THE SIDNEY NE AIRPORT CLIMATE SUMMARY FOR APRIL 18 2015...

CLIMATE NORMAL PERIOD 1981 TO 2010
CLIMATE RECORD PERIOD 1948 TO 2015


WEATHER ITEM   OBSERVED TIME   RECORD YEAR NORMAL DEPARTURE LAST
                VALUE   (LST)  VALUE       VALUE  FROM      YEAR
                                                  NORMAL
..................................................................
TEMPERATURE (F)
 YESTERDAY
  MAXIMUM         56    107 PM  84    1987  63     -7       81
  MINIMUM         37    521 AM   9    1953  34      3       38
  AVERAGE         47                        48     -1       60

PRECIPITATION (IN)
  YESTERDAY        0.17          1.02 2009   0.07   0.10     0.00
  MONTH TO DATE    3.95                      1.09   2.86     0.40
  SINCE JAN 1      4.97                      2.71   2.26     1.91

DEGREE DAYS
 HEATING
  YESTERDAY       18                        17      1        5
  MONTH TO DATE  341                       355    -14      351
  SINCE MAR 1    994                      1158   -164     1164
  SINCE JUL 1   5726                      5740    -14     6153

 COOLING
  YESTERDAY        0                         0      0        0
  MONTH TO DATE    0                         0      0        0
  SINCE MAR 1      0                         0      0        0
  SINCE JAN 1      0                         0      0        0
..................................................................


WIND (MPH)
  HIGHEST WIND SPEED    22   HIGHEST WIND DIRECTION     N (340)
  HIGHEST GUST SPEED    29   HIGHEST GUST DIRECTION     N (350)
  AVERAGE WIND SPEED    10.0


SKY COVER
  AVERAGE SKY COVER 0.9


WEATHER CONDITIONS
 THE FOLLOWING WEATHER WAS RECORDED YESTERDAY.
  THUNDERSTORM
  LIGHT RAIN


RELATIVE HUMIDITY (PERCENT)
 HIGHEST    96           800 AM
 LOWEST     66           100 PM
 AVERAGE    81

..........................................................


THE SIDNEY NE AIRPORT CLIMATE NORMALS FOR TODAY
                         NORMAL    RECORD    YEAR
 MAXIMUM TEMPERATURE (F)   63        86      1987
 MINIMUM TEMPERATURE (F)   34         9      1966


SUNRISE AND SUNSET
APRIL 19 2015.........SUNRISE   607 AM MDT   SUNSET   736 PM MDT
APRIL 20 2015.........SUNRISE   605 AM MDT   SUNSET   737 PM MDT


-  INDICATES NEGATIVE NUMBERS.
R  INDICATES RECORD WAS SET OR TIED.
MM INDICATES DATA IS MISSING.
T  INDICATES TRACE AMOUNT.




$$
