000
CDUS43 KILX 270634
CLISPI


CLIMATE REPORT
NATIONAL WEATHER SERVICE LINCOLN IL
134 AM CDT MON APR 27 2015


...................................

...THE SPRINGFIELD IL CLIMATE SUMMARY FOR APRIL 26 2015...

CLIMATE NORMAL PERIOD 1981 TO 2010
CLIMATE RECORD PERIOD 1879 TO 2015


WEATHER ITEM   OBSERVED TIME   RECORD YEAR NORMAL DEPARTURE LAST
                VALUE   (LST)  VALUE       VALUE  FROM      YEAR
                                                  NORMAL
..................................................................
TEMPERATURE (F)
 YESTERDAY
  MAXIMUM         61    342 PM  89    1986  69     -8       82
  MINIMUM         38   1159 PM  32    1976  46     -8       51
  AVERAGE         50                        57     -7       67

PRECIPITATION (IN)
  YESTERDAY        0.00          1.76 1890   0.13  -0.13      T
  MONTH TO DATE    2.12                      2.99  -0.87     3.03
  SINCE MAR 1      3.68                      5.62  -1.94     4.82
  SINCE JAN 1      6.96                      9.25  -2.29    10.25

SNOWFALL (IN)
  YESTERDAY        0.0           0.0    MM   0.0    0.0      0.0
  MONTH TO DATE    0.0                       0.3   -0.3      0.1
  SINCE MAR 1      3.7                       2.8    0.9      3.4
  SINCE JUL 1     33.9                      20.9   13.0     45.7
  SNOW DEPTH       0

DEGREE DAYS
 HEATING
  YESTERDAY       15                         9      6        0
  MONTH TO DATE  219                       334   -115      265
  SINCE MAR 1    971                      1045    -74     1120
  SINCE JUL 1   5540                      5316    224     6067

 COOLING
  YESTERDAY        0                         1     -1        2
  MONTH TO DATE   10                        15     -5        9
  SINCE MAR 1     10                        17     -7        9
  SINCE JAN 1     10                        17     -7        9
..................................................................


WIND (MPH)
  HIGHEST WIND SPEED    21   HIGHEST WIND DIRECTION     N (20)
  HIGHEST GUST SPEED    26   HIGHEST GUST DIRECTION    NE (50)
  AVERAGE WIND SPEED    10.3


SKY COVER
  POSSIBLE SUNSHINE  MM
  AVERAGE SKY COVER 0.2


WEATHER CONDITIONS
 THE FOLLOWING WEATHER WAS RECORDED YESTERDAY.
  FOG
  HAZE


RELATIVE HUMIDITY (PERCENT)
 HIGHEST    86           200 AM
 LOWEST     42           300 PM
 AVERAGE    64

..........................................................


THE SPRINGFIELD IL CLIMATE NORMALS FOR TODAY
                         NORMAL    RECORD    YEAR
 MAXIMUM TEMPERATURE (F)   69        87      1984
                                             1981
 MINIMUM TEMPERATURE (F)   46        33      1968
                                             1946
                                             1928


SUNRISE AND SUNSET
APRIL 27 2015.........SUNRISE   605 AM CDT   SUNSET   749 PM CDT
APRIL 28 2015.........SUNRISE   603 AM CDT   SUNSET   750 PM CDT


-  INDICATES NEGATIVE NUMBERS.
R  INDICATES RECORD WAS SET OR TIED.
MM INDICATES DATA IS MISSING.
T  INDICATES TRACE AMOUNT.




$$
