000
CDUS42 KJAX 060538
CLISSI


CLIMATE REPORT
NATIONAL WEATHER SERVICE JACKSONVILLE FL
137 AM EDT WED MAY 6 2015


...................................

...THE ST SIMONS ISLAND CLIMATE SUMMARY FOR MAY 5 2015...

CLIMATE NORMAL PERIOD 1981 TO 2010
CLIMATE RECORD PERIOD 1948 TO 2015


WEATHER ITEM   OBSERVED TIME   RECORD YEAR NORMAL DEPARTURE LAST
                VALUE   (LST)  VALUE       VALUE  FROM      YEAR
                                                  NORMAL
..................................................................
TEMPERATURE (F)
 YESTERDAY
  MAXIMUM         79    128 PM  93    1952  80     -1       90
  MINIMUM         66    457 AM  50    1957  64      2       61
  AVERAGE         73                        72      1       76

PRECIPITATION (IN)
  YESTERDAY        0.00          2.24 2013   0.06  -0.06     0.00
  MONTH TO DATE    0.00                      0.26  -0.26     0.10
  SINCE MAR 1      5.80                      6.63  -0.83    10.56
  SINCE JAN 1     11.52                     13.32  -1.80    17.04

SNOWFALL (IN)
  YESTERDAY        0.0           0.0    MM                   0.0
  MONTH TO DATE    0.0                                       0.0
  SINCE MAR 1      0.0                                       0.0
  SINCE JUL 1      0.0                                        T
  SNOW DEPTH       0

DEGREE DAYS
 HEATING
  YESTERDAY        0                         0      0        0
  MONTH TO DATE    1                         2     -1        0
  SINCE MAR 1    115                       235   -120      265
  SINCE JUL 1   1495                      1486      9     1493

 COOLING
  YESTERDAY        8                         7      1       11
  MONTH TO DATE   16                        33    -17       29
  SINCE MAR 1    221                       167     54      159
  SINCE JAN 1    227                       176     51      167
..................................................................


WIND (MPH)
  HIGHEST WIND SPEED    21   HIGHEST WIND DIRECTION    NE (60)
  HIGHEST GUST SPEED    30   HIGHEST GUST DIRECTION    NE (40)
  AVERAGE WIND SPEED    12.0


SKY COVER
  POSSIBLE SUNSHINE  MM
  AVERAGE SKY COVER 0.4


WEATHER CONDITIONS
 THE FOLLOWING WEATHER WAS RECORDED YESTERDAY.
  NO SIGNIFICANT WEATHER WAS OBSERVED.


RELATIVE HUMIDITY (PERCENT)
 HIGHEST    84           700 PM
 LOWEST     48           100 PM
 AVERAGE    66

..........................................................


THE ST SIMONS ISLAND CLIMATE NORMALS FOR TODAY
                         NORMAL    RECORD    YEAR
 MAXIMUM TEMPERATURE (F)   80        95      1952
 MINIMUM TEMPERATURE (F)   64        50      1973


SUNRISE AND SUNSET
MAY  6 2015...........SUNRISE   637 AM EDT   SUNSET   808 PM EDT
MAY  7 2015...........SUNRISE   636 AM EDT   SUNSET   809 PM EDT


-  INDICATES NEGATIVE NUMBERS.
R  INDICATES RECORD WAS SET OR TIED.
MM INDICATES DATA IS MISSING.
T  INDICATES TRACE AMOUNT.




$$
